CRAN Package Check Results for Package eNetXplorer

Last updated on 2019-01-20 09:47:33 CET.

Flavor Version Tinstall Tcheck Ttotal Status Flags
r-devel-linux-x86_64-debian-clang 1.0.1 6.43 109.18 115.61 OK
r-devel-linux-x86_64-debian-gcc 1.0.1 6.31 82.35 88.66 OK
r-devel-linux-x86_64-fedora-clang 1.0.1 130.51 OK
r-devel-linux-x86_64-fedora-gcc 1.0.1 123.94 OK
r-devel-windows-ix86+x86_64 1.0.1 16.00 157.00 173.00 OK
r-patched-linux-x86_64 1.0.1 7.30 102.84 110.14 OK
r-patched-solaris-x86 1.0.1 127.50 ERROR
r-release-linux-x86_64 1.0.1 5.44 102.90 108.34 OK
r-release-windows-ix86+x86_64 1.0.1 15.00 155.00 170.00 OK
r-release-osx-x86_64 1.0.1 OK
r-oldrel-windows-ix86+x86_64 1.0.1 13.00 109.00 122.00 OK
r-oldrel-osx-x86_64 1.0.1 OK

Check Details

Version: 1.0.1
Check: examples
Result: ERROR
    Running examples in ‘eNetXplorer-Ex.R’ failed
    The error most likely occurred in:
    
    > ### Name: eNetXplorer
    > ### Title: generates family of elastic net models for different alphas
    > ### Aliases: eNetXplorer
    >
    > ### ** Examples
    >
    > ## Don't show:
    > set.seed(123)
    > fit = eNetXplorer(x=matrix(rnorm(75),ncol=3),y=rnorm(25),family="gaussian",
    + n_run=5,n_perm_null=4,alpha=c(0.5,1))
    Error in if (any(lambda < 0)) stop("lambdas should be non-negative") :
     missing value where TRUE/FALSE needed
    Calls: eNetXplorer -> eNetXplorerGaussian -> glmnet
    Execution halted
Flavor: r-patched-solaris-x86