CRAN Package Check Results for Package eNetXplorer

Last updated on 2018-06-20 18:46:55 CEST.

Flavor Version Tinstall Tcheck Ttotal Status Flags
r-devel-linux-x86_64-debian-clang 1.0.1 6.77 120.99 127.76 OK
r-devel-linux-x86_64-debian-gcc 1.0.1 6.21 93.92 100.13 OK
r-devel-linux-x86_64-fedora-clang 1.0.1 148.65 OK
r-devel-linux-x86_64-fedora-gcc 1.0.1 141.21 OK
r-devel-windows-ix86+x86_64 1.0.1 15.00 129.00 144.00 OK
r-patched-linux-x86_64 1.0.1 5.77 103.34 109.11 OK
r-patched-solaris-x86 1.0.1 119.20 ERROR
r-release-linux-x86_64 1.0.1 6.38 103.07 109.45 OK
r-release-windows-ix86+x86_64 1.0.1 9.00 103.00 112.00 OK
r-release-osx-x86_64 1.0.1 OK
r-oldrel-windows-ix86+x86_64 1.0.1 11.00 111.00 122.00 OK
r-oldrel-osx-x86_64 1.0 OK

Check Details

Version: 1.0.1
Check: examples
Result: ERROR
    Running examples in ‘eNetXplorer-Ex.R’ failed
    The error most likely occurred in:
    
    > ### Name: eNetXplorer
    > ### Title: generates family of elastic net models for different alphas
    > ### Aliases: eNetXplorer
    >
    > ### ** Examples
    >
    > ## Don't show:
    > set.seed(123)
    > fit = eNetXplorer(x=matrix(rnorm(75),ncol=3),y=rnorm(25),family="gaussian",
    + n_run=5,n_perm_null=4,alpha=c(0.5,1))
    Error in if (any(lambda < 0)) stop("lambdas should be non-negative") :
     missing value where TRUE/FALSE needed
    Calls: eNetXplorer -> eNetXplorerGaussian -> glmnet
    Execution halted
Flavor: r-patched-solaris-x86