CRAN Package Check Results for Package eNetXplorer

Last updated on 2018-08-14 22:50:38 CEST.

Flavor Version Tinstall Tcheck Ttotal Status Flags
r-devel-linux-x86_64-debian-clang 1.0.1 7.27 118.46 125.73 OK
r-devel-linux-x86_64-debian-gcc 1.0.1 6.50 94.76 101.26 OK
r-devel-linux-x86_64-fedora-clang 1.0.1 148.04 OK
r-devel-linux-x86_64-fedora-gcc 1.0.1 143.65 OK
r-devel-windows-ix86+x86_64 1.0.1 18.00 149.00 167.00 OK
r-patched-linux-x86_64 1.0.1 6.41 101.07 107.48 OK
r-patched-solaris-x86 1.0.1 120.90 ERROR
r-release-linux-x86_64 1.0.1 6.16 101.85 108.01 OK
r-release-windows-ix86+x86_64 1.0.1 15.00 160.00 175.00 OK
r-release-osx-x86_64 1.0.1 OK
r-oldrel-windows-ix86+x86_64 1.0.1 11.00 110.00 121.00 OK
r-oldrel-osx-x86_64 1.0.1 OK

Check Details

Version: 1.0.1
Check: examples
Result: ERROR
    Running examples in ‘eNetXplorer-Ex.R’ failed
    The error most likely occurred in:
    
    > ### Name: eNetXplorer
    > ### Title: generates family of elastic net models for different alphas
    > ### Aliases: eNetXplorer
    >
    > ### ** Examples
    >
    > ## Don't show:
    > set.seed(123)
    > fit = eNetXplorer(x=matrix(rnorm(75),ncol=3),y=rnorm(25),family="gaussian",
    + n_run=5,n_perm_null=4,alpha=c(0.5,1))
    Error in if (any(lambda < 0)) stop("lambdas should be non-negative") :
     missing value where TRUE/FALSE needed
    Calls: eNetXplorer -> eNetXplorerGaussian -> glmnet
    Execution halted
Flavor: r-patched-solaris-x86