CRAN Package Check Results for Package eRTG3D

Last updated on 2020-04-09 22:50:21 CEST.

Flavor Version Tinstall Tcheck Ttotal Status Flags
r-devel-linux-x86_64-debian-clang 0.6.2 4.51 344.57 349.08 OK
r-devel-linux-x86_64-debian-gcc 0.6.2 4.07 247.85 251.92 OK
r-devel-linux-x86_64-fedora-clang 0.6.2 495.31 NOTE
r-devel-linux-x86_64-fedora-gcc 0.6.2 412.12 NOTE
r-devel-windows-ix86+x86_64 0.6.2 15.00 512.00 527.00 OK
r-devel-windows-ix86+x86_64-gcc8 0.6.2 13.00 340.00 353.00 OK
r-patched-linux-x86_64 0.6.2 6.46 321.58 328.04 OK
r-patched-osx-x86_64 0.6.2 WARN
r-patched-solaris-x86 0.6.2 647.80 NOTE
r-release-linux-x86_64 0.6.2 4.76 305.44 310.20 OK
r-release-windows-ix86+x86_64 0.6.2 17.00 500.00 517.00 OK
r-release-osx-x86_64 0.6.2 NOTE
r-oldrel-windows-ix86+x86_64 0.6.2 11.00 418.00 429.00 OK
r-oldrel-osx-x86_64 0.6.2 NOTE

Check Details

Version: 0.6.2
Check: dependencies in R code
Result: NOTE
    Namespaces in Imports field not imported from:
     ‘gridExtra’ ‘plyr’ ‘sp’
     All declared Imports should be used.
Flavors: r-devel-linux-x86_64-fedora-clang, r-devel-linux-x86_64-fedora-gcc, r-patched-osx-x86_64, r-patched-solaris-x86, r-release-osx-x86_64, r-oldrel-osx-x86_64

Version: 0.6.2
Check: re-building of vignette outputs
Result: WARN
    Error(s) in re-building vignettes:
    --- re-building ‘v1.Rmd’ using rmarkdown
    dyld: lazy symbol binding failed: Symbol not found: ____chkstk_darwin
     Referenced from: /usr/local/bin/pandoc (which was built for Mac OS X 10.15)
     Expected in: /usr/lib/libSystem.B.dylib
    
    dyld: Symbol not found: ____chkstk_darwin
     Referenced from: /usr/local/bin/pandoc (which was built for Mac OS X 10.15)
     Expected in: /usr/lib/libSystem.B.dylib
    
    Error: processing vignette 'v1.Rmd' failed with diagnostics:
    pandoc document conversion failed with error 6
    --- failed re-building ‘v1.Rmd’
    
    --- re-building ‘v2.Rmd’ using rmarkdown
    dyld: lazy symbol binding failed: Symbol not found: ____chkstk_darwin
     Referenced from: /usr/local/bin/pandoc (which was built for Mac OS X 10.15)
     Expected in: /usr/lib/libSystem.B.dylib
    
    dyld: Symbol not found: ____chkstk_darwin
     Referenced from: /usr/local/bin/pandoc (which was built for Mac OS X 10.15)
     Expected in: /usr/lib/libSystem.B.dylib
    
    Error: processing vignette 'v2.Rmd' failed with diagnostics:
    pandoc document conversion failed with error 6
    --- failed re-building ‘v2.Rmd’
    
    --- re-building ‘v3.Rmd’ using rmarkdown
    dyld: lazy symbol binding failed: Symbol not found: ____chkstk_darwin
     Referenced from: /usr/local/bin/pandoc (which was built for Mac OS X 10.15)
     Expected in: /usr/lib/libSystem.B.dylib
    
    dyld: Symbol not found: ____chkstk_darwin
     Referenced from: /usr/local/bin/pandoc (which was built for Mac OS X 10.15)
     Expected in: /usr/lib/libSystem.B.dylib
    
    Error: processing vignette 'v3.Rmd' failed with diagnostics:
    pandoc document conversion failed with error 6
    --- failed re-building ‘v3.Rmd’
    
    --- re-building ‘v4.Rmd’ using rmarkdown
    dyld: lazy symbol binding failed: Symbol not found: ____chkstk_darwin
     Referenced from: /usr/local/bin/pandoc (which was built for Mac OS X 10.15)
     Expected in: /usr/lib/libSystem.B.dylib
    
    dyld: Symbol not found: ____chkstk_darwin
     Referenced from: /usr/local/bin/pandoc (which was built for Mac OS X 10.15)
     Expected in: /usr/lib/libSystem.B.dylib
    
    Error: processing vignette 'v4.Rmd' failed with diagnostics:
    pandoc document conversion failed with error 6
    --- failed re-building ‘v4.Rmd’
    
    --- re-building ‘v5.Rmd’ using rmarkdown
    dyld: lazy symbol binding failed: Symbol not found: ____chkstk_darwin
     Referenced from: /usr/local/bin/pandoc (which was built for Mac OS X 10.15)
     Expected in: /usr/lib/libSystem.B.dylib
    
    dyld: Symbol not found: ____chkstk_darwin
     Referenced from: /usr/local/bin/pandoc (which was built for Mac OS X 10.15)
     Expected in: /usr/lib/libSystem.B.dylib
    
    Error: processing vignette 'v5.Rmd' failed with diagnostics:
    pandoc document conversion failed with error 6
    --- failed re-building ‘v5.Rmd’
    
    --- re-building ‘v6.Rmd’ using rmarkdown
    dyld: lazy symbol binding failed: Symbol not found: ____chkstk_darwin
     Referenced from: /usr/local/bin/pandoc (which was built for Mac OS X 10.15)
     Expected in: /usr/lib/libSystem.B.dylib
    
    dyld: Symbol not found: ____chkstk_darwin
     Referenced from: /usr/local/bin/pandoc (which was built for Mac OS X 10.15)
     Expected in: /usr/lib/libSystem.B.dylib
    
    Error: processing vignette 'v6.Rmd' failed with diagnostics:
    pandoc document conversion failed with error 6
    --- failed re-building ‘v6.Rmd’
    
    --- re-building ‘v7.Rmd’ using rmarkdown
    dyld: lazy symbol binding failed: Symbol not found: ____chkstk_darwin
     Referenced from: /usr/local/bin/pandoc (which was built for Mac OS X 10.15)
     Expected in: /usr/lib/libSystem.B.dylib
    
    dyld: Symbol not found: ____chkstk_darwin
     Referenced from: /usr/local/bin/pandoc (which was built for Mac OS X 10.15)
     Expected in: /usr/lib/libSystem.B.dylib
    
    Error: processing vignette 'v7.Rmd' failed with diagnostics:
    pandoc document conversion failed with error 6
    --- failed re-building ‘v7.Rmd’
    
    --- re-building ‘v8.Rmd’ using rmarkdown
    dyld: lazy symbol binding failed: Symbol not found: ____chkstk_darwin
     Referenced from: /usr/local/bin/pandoc (which was built for Mac OS X 10.15)
     Expected in: /usr/lib/libSystem.B.dylib
    
    dyld: Symbol not found: ____chkstk_darwin
     Referenced from: /usr/local/bin/pandoc (which was built for Mac OS X 10.15)
     Expected in: /usr/lib/libSystem.B.dylib
    
    Error: processing vignette 'v8.Rmd' failed with diagnostics:
    pandoc document conversion failed with error 6
    --- failed re-building ‘v8.Rmd’
    
    --- re-building ‘v9.Rmd’ using rmarkdown
    dyld: lazy symbol binding failed: Symbol not found: ____chkstk_darwin
     Referenced from: /usr/local/bin/pandoc (which was built for Mac OS X 10.15)
     Expected in: /usr/lib/libSystem.B.dylib
    
    dyld: Symbol not found: ____chkstk_darwin
     Referenced from: /usr/local/bin/pandoc (which was built for Mac OS X 10.15)
     Expected in: /usr/lib/libSystem.B.dylib
    
    Error: processing vignette 'v9.Rmd' failed with diagnostics:
    pandoc document conversion failed with error 6
    --- failed re-building ‘v9.Rmd’
    
    SUMMARY: processing the following files failed:
     ‘v1.Rmd’ ‘v2.Rmd’ ‘v3.Rmd’ ‘v4.Rmd’ ‘v5.Rmd’ ‘v6.Rmd’ ‘v7.Rmd’
     ‘v8.Rmd’ ‘v9.Rmd’
    
    Error: Vignette re-building failed.
    Execution halted
Flavor: r-patched-osx-x86_64