CRAN Package Check Results for Package earth

Last updated on 2022-06-25 08:51:58 CEST.

Flavor Version Tinstall Tcheck Ttotal Status Flags
r-devel-linux-x86_64-debian-clang 5.3.1 23.47 94.24 117.71 OK
r-devel-linux-x86_64-debian-gcc 5.3.1 16.86 70.50 87.36 OK
r-devel-linux-x86_64-fedora-clang 5.3.1 154.80 NOTE
r-devel-linux-x86_64-fedora-gcc 5.3.1 150.20 OK
r-devel-windows-x86_64 5.3.1 93.00 114.00 207.00 OK
r-patched-linux-x86_64 5.3.1 18.89 90.36 109.25 OK
r-release-linux-x86_64 5.3.1 17.11 91.00 108.11 OK
r-release-macos-arm64 5.3.1 38.00 OK
r-release-macos-x86_64 5.3.1 50.00 OK
r-release-windows-x86_64 5.3.1 75.00 114.00 189.00 OK
r-oldrel-macos-arm64 5.3.1 48.00 OK
r-oldrel-macos-x86_64 5.3.1 53.00 OK
r-oldrel-windows-ix86+x86_64 5.3.1 37.00 123.00 160.00 OK

Check Details

Version: 5.3.1
Check: Rd cross-references
Result: NOTE
    Undeclared package ‘leaps’ in Rd xrefs
Flavor: r-devel-linux-x86_64-fedora-clang