Last updated on 2021-03-01 15:47:27 CET.
Flavor | Version | Tinstall | Tcheck | Ttotal | Status | Flags |
---|---|---|---|---|---|---|
r-devel-linux-x86_64-debian-clang | 5.3.0 | OK | ||||
r-devel-linux-x86_64-debian-gcc | 5.3.0 | 16.29 | 68.64 | 84.93 | OK | |
r-devel-linux-x86_64-fedora-clang | 5.3.0 | 143.90 | NOTE | |||
r-devel-linux-x86_64-fedora-gcc | 5.3.0 | 132.74 | OK | |||
r-devel-windows-ix86+x86_64 | 5.3.0 | 27.00 | 91.00 | 118.00 | OK | |
r-patched-linux-x86_64 | 5.3.0 | 17.99 | 84.87 | 102.86 | OK | |
r-patched-solaris-x86 | 5.3.0 | 160.00 | OK | |||
r-release-linux-x86_64 | 5.3.0 | 19.39 | 86.13 | 105.52 | OK | |
r-release-macos-x86_64 | 5.3.0 | OK | ||||
r-release-windows-ix86+x86_64 | 5.3.0 | 43.00 | 124.00 | 167.00 | OK | |
r-oldrel-macos-x86_64 | 5.3.0 | OK | ||||
r-oldrel-windows-ix86+x86_64 | 5.3.0 | 25.00 | 109.00 | 134.00 | OK |
Version: 5.3.0
Check: Rd cross-references
Result: NOTE
Undeclared package ‘leaps’ in Rd xrefs
Flavor: r-devel-linux-x86_64-fedora-clang