CRAN Package Check Results for Package earth

Last updated on 2022-10-04 10:49:32 CEST.

Flavor Version Tinstall Tcheck Ttotal Status Flags
r-devel-linux-x86_64-debian-clang 5.3.1 17.38 97.33 114.71 OK
r-devel-linux-x86_64-debian-gcc 5.3.1 15.87 71.84 87.71 OK
r-devel-linux-x86_64-fedora-clang 5.3.1 154.88 NOTE
r-devel-linux-x86_64-fedora-gcc 5.3.1 149.29 OK
r-devel-windows-x86_64 5.3.1 86.00 131.00 217.00 OK
r-patched-linux-x86_64 5.3.1 19.99 91.26 111.25 OK
r-release-linux-x86_64 5.3.1 17.22 91.54 108.76 OK
r-release-macos-arm64 5.3.1 38.00 OK
r-release-macos-x86_64 5.3.1 50.00 OK
r-release-windows-x86_64 5.3.1 66.00 118.00 184.00 OK
r-oldrel-macos-arm64 5.3.1 48.00 OK
r-oldrel-macos-x86_64 5.3.1 53.00 OK
r-oldrel-windows-ix86+x86_64 5.3.1 38.00 124.00 162.00 OK

Check Details

Version: 5.3.1
Check: Rd cross-references
Result: NOTE
    Undeclared package ‘leaps’ in Rd xrefs
Flavor: r-devel-linux-x86_64-fedora-clang