CRAN Package Check Results for Package earth

Last updated on 2022-01-21 13:51:44 CET.

Flavor Version Tinstall Tcheck Ttotal Status Flags
r-devel-linux-x86_64-debian-clang 5.3.1 20.57 101.03 121.60 OK
r-devel-linux-x86_64-debian-gcc 5.3.1 14.23 75.70 89.93 OK
r-devel-linux-x86_64-fedora-clang 5.3.1 146.14 NOTE
r-devel-linux-x86_64-fedora-gcc 5.3.1 134.27 OK
r-devel-windows-x86_64-new-UL 5.3.1 172.00 116.00 288.00 OK
r-devel-windows-x86_64-new-TK 5.3.1 OK
r-patched-linux-x86_64 5.3.1 19.64 99.14 118.78 OK
r-release-linux-x86_64 5.3.1 20.43 100.45 120.88 OK
r-release-macos-arm64 5.3.1 OK
r-release-macos-x86_64 5.3.1 OK
r-release-windows-ix86+x86_64 5.3.1 37.00 115.00 152.00 OK
r-oldrel-macos-x86_64 5.3.1 OK
r-oldrel-windows-ix86+x86_64 5.3.1 37.00 120.00 157.00 OK

Check Details

Version: 5.3.1
Check: Rd cross-references
Result: NOTE
    Undeclared package ‘leaps’ in Rd xrefs
Flavor: r-devel-linux-x86_64-fedora-clang