CRAN Package Check Results for Package earth

Last updated on 2021-09-21 11:50:18 CEST.

Flavor Version Tinstall Tcheck Ttotal Status Flags
r-devel-linux-x86_64-debian-clang 5.3.1 18.42 94.53 112.95 OK
r-devel-linux-x86_64-debian-gcc 5.3.1 15.08 69.63 84.71 OK
r-devel-linux-x86_64-fedora-clang 5.3.1 145.69 NOTE
r-devel-linux-x86_64-fedora-gcc 5.3.1 132.26 OK
r-devel-windows-x86_64 5.3.1 20.00 80.00 100.00 OK
r-devel-windows-x86_64-gcc10-UCRT 5.3.1 ERROR
r-patched-linux-x86_64 5.3.1 19.54 89.53 109.07 OK
r-patched-solaris-x86 5.3.1 154.90 OK
r-release-linux-x86_64 5.3.1 18.73 90.59 109.32 OK
r-release-macos-arm64 5.3.1 OK
r-release-macos-x86_64 5.3.1 OK
r-release-windows-ix86+x86_64 5.3.1 38.00 92.00 130.00 OK
r-oldrel-macos-x86_64 5.3.1 OK
r-oldrel-windows-ix86+x86_64 5.3.1 37.00 88.00 125.00 OK

Check Details

Version: 5.3.1
Check: Rd cross-references
Result: NOTE
    Undeclared package ‘leaps’ in Rd xrefs
Flavor: r-devel-linux-x86_64-fedora-clang

Version: 5.3.1
Check: whether package can be installed
Result: ERROR
    Installation failed.
Flavor: r-devel-windows-x86_64-gcc10-UCRT