CRAN Package Check Results for Package earth

Last updated on 2021-05-07 19:49:14 CEST.

Flavor Version Tinstall Tcheck Ttotal Status Flags
r-devel-linux-x86_64-debian-clang 5.3.0 19.18 94.80 113.98 OK
r-devel-linux-x86_64-debian-gcc 5.3.0 14.99 69.73 84.72 OK
r-devel-linux-x86_64-fedora-clang 5.3.0 145.05 NOTE
r-devel-linux-x86_64-fedora-gcc 5.3.0 135.33 OK
r-devel-windows-ix86+x86_64 5.3.0 26.00 139.00 165.00 OK
r-devel-windows-x86_64-gcc10-UCRT 5.3.0 OK
r-patched-linux-x86_64 5.3.0 18.59 91.28 109.87 OK
r-patched-solaris-x86 5.3.0 157.50 OK
r-release-linux-x86_64 5.3.0 17.29 85.00 102.29 OK
r-release-macos-x86_64 5.3.0 OK
r-release-windows-ix86+x86_64 5.3.0 29.00 89.00 118.00 OK
r-oldrel-macos-x86_64 5.3.0 OK
r-oldrel-windows-ix86+x86_64 5.3.0 35.00 0.00 35.00 ERROR

Check Details

Version: 5.3.0
Check: Rd cross-references
Result: NOTE
    Undeclared package ‘leaps’ in Rd xrefs
Flavor: r-devel-linux-x86_64-fedora-clang

Version: 5.3.0
Check: whether package can be installed
Result: ERROR
    Installation failed.
    See 'd:/Rcompile/CRANpkg/local/3.6/earth.Rcheck/00install.out' for details.
    * DONE
    
    Check process probably crashed or hung up for 20 minutes ... killed
    Most likely this happened in the example checks (?),
    if not, ignore the following last lines of example output:
    
    ======== End of example output (where/before crash/hang up occured ?) ========
Flavor: r-oldrel-windows-ix86+x86_64