CRAN Package Check Results for Package easycsv

Last updated on 2024-02-25 14:48:18 CET.

Flavor Version Tinstall Tcheck Ttotal Status Flags
r-devel-linux-x86_64-debian-clang 1.0.8 2.72 29.69 32.41 NOTE
r-devel-linux-x86_64-debian-gcc 1.0.8 2.37 22.45 24.82 NOTE
r-devel-linux-x86_64-fedora-clang 1.0.8 41.19 NOTE
r-devel-linux-x86_64-fedora-gcc 1.0.8 50.69 NOTE
r-devel-windows-x86_64 1.0.8 4.00 45.00 49.00 NOTE
r-patched-linux-x86_64 1.0.8 2.58 27.98 30.56 NOTE
r-release-linux-x86_64 1.0.8 2.67 28.65 31.32 NOTE
r-release-macos-arm64 1.0.8 26.00 NOTE
r-release-macos-x86_64 1.0.8 41.00 NOTE
r-release-windows-x86_64 1.0.8 4.00 44.00 48.00 NOTE
r-oldrel-macos-arm64 1.0.8 21.00 NOTE
r-oldrel-windows-x86_64 1.0.8 5.00 49.00 54.00 NOTE

Check Details

Version: 1.0.8
Check: LazyData
Result: NOTE 'LazyData' is specified without a 'data' directory Flavors: r-devel-linux-x86_64-debian-clang, r-devel-linux-x86_64-debian-gcc, r-devel-linux-x86_64-fedora-clang, r-devel-linux-x86_64-fedora-gcc, r-devel-windows-x86_64, r-patched-linux-x86_64, r-release-linux-x86_64, r-release-macos-arm64, r-release-macos-x86_64, r-release-windows-x86_64, r-oldrel-macos-arm64, r-oldrel-windows-x86_64

Version: 1.0.8
Check: for non-standard things in the check directory
Result: NOTE Found the following files/directories: ‘example_table1.csv’ ‘example_table1.txt’ ‘example_table2.csv’ ‘example_table2.txt’ ‘example_table3.csv’ ‘example_table3.txt’ ‘table1.csv’ ‘table2.csv’ ‘table2.txt’ ‘table3.txt’ ‘table4.txt’ Flavors: r-devel-linux-x86_64-debian-clang, r-devel-linux-x86_64-debian-gcc, r-devel-linux-x86_64-fedora-clang, r-devel-linux-x86_64-fedora-gcc, r-patched-linux-x86_64, r-release-linux-x86_64