CRAN Package Check Results for Package easypackages

Last updated on 2021-09-23 19:51:45 CEST.

Flavor Version Tinstall Tcheck Ttotal Status Flags
r-devel-linux-x86_64-debian-clang 0.1.0 6.34 51.81 58.15 NOTE
r-devel-linux-x86_64-debian-gcc 0.1.0 4.37 39.70 44.07 NOTE
r-devel-linux-x86_64-fedora-clang 0.1.0 76.37 NOTE
r-devel-linux-x86_64-fedora-gcc 0.1.0 68.81 NOTE
r-devel-windows-x86_64 0.1.0 7.00 50.00 57.00 NOTE
r-devel-windows-x86_64-gcc10-UCRT 0.1.0 NOTE
r-patched-linux-x86_64 0.1.0 6.28 49.62 55.90 NOTE
r-patched-solaris-x86 0.1.0 92.70 NOTE
r-release-linux-x86_64 0.1.0 5.09 50.22 55.31 NOTE
r-release-macos-arm64 0.1.0 NOTE
r-release-macos-x86_64 0.1.0 NOTE
r-release-windows-ix86+x86_64 0.1.0 14.00 54.00 68.00 NOTE
r-oldrel-macos-x86_64 0.1.0 OK
r-oldrel-windows-ix86+x86_64 0.1.0 10.00 54.00 64.00 OK

Check Details

Version: 0.1.0
Check: LazyData
Result: NOTE
     'LazyData' is specified without a 'data' directory
Flavors: r-devel-linux-x86_64-debian-clang, r-devel-linux-x86_64-debian-gcc, r-devel-linux-x86_64-fedora-clang, r-devel-linux-x86_64-fedora-gcc, r-devel-windows-x86_64, r-devel-windows-x86_64-gcc10-UCRT, r-patched-linux-x86_64, r-patched-solaris-x86, r-release-linux-x86_64, r-release-macos-arm64, r-release-macos-x86_64, r-release-windows-ix86+x86_64