CRAN Package Check Results for Package easypower

Last updated on 2023-09-30 01:49:55 CEST.

Flavor Version Tinstall Tcheck Ttotal Status Flags
r-devel-linux-x86_64-debian-clang 1.0.1 2.40 23.66 26.06 NOTE
r-devel-linux-x86_64-debian-gcc 1.0.1 1.69 18.03 19.72 NOTE
r-devel-linux-x86_64-fedora-clang 1.0.1 32.87 NOTE
r-devel-linux-x86_64-fedora-gcc 1.0.1 46.04 NOTE
r-devel-windows-x86_64 1.0.1 3.00 40.00 43.00 NOTE
r-patched-linux-x86_64 1.0.1 2.58 21.90 24.48 NOTE
r-release-linux-x86_64 1.0.1 1.71 22.46 24.17 NOTE
r-release-macos-arm64 1.0.1 24.00 NOTE
r-release-macos-x86_64 1.0.1 31.00 NOTE
r-release-windows-x86_64 1.0.1 3.00 39.00 42.00 NOTE
r-oldrel-macos-arm64 1.0.1 19.00 NOTE
r-oldrel-macos-x86_64 1.0.1 23.00 NOTE
r-oldrel-windows-x86_64 1.0.1 3.00 41.00 44.00 NOTE

Check Details

Version: 1.0.1
Check: LazyData
Result: NOTE
     'LazyData' is specified without a 'data' directory
Flavors: r-devel-linux-x86_64-debian-clang, r-devel-linux-x86_64-debian-gcc, r-devel-linux-x86_64-fedora-clang, r-devel-linux-x86_64-fedora-gcc, r-devel-windows-x86_64, r-patched-linux-x86_64, r-release-linux-x86_64, r-release-macos-arm64, r-release-macos-x86_64, r-release-windows-x86_64, r-oldrel-macos-arm64, r-oldrel-macos-x86_64, r-oldrel-windows-x86_64