CRAN Package Check Results for Package easypower

Last updated on 2021-10-25 18:50:29 CEST.

Flavor Version Tinstall Tcheck Ttotal Status Flags
r-devel-linux-x86_64-debian-clang 1.0.1 2.18 22.87 25.05 NOTE
r-devel-linux-x86_64-debian-gcc 1.0.1 1.60 18.02 19.62 NOTE
r-devel-linux-x86_64-fedora-clang 1.0.1 42.62 NOTE
r-devel-linux-x86_64-fedora-gcc 1.0.1 32.06 NOTE
r-devel-windows-x86_64 1.0.1 4.00 42.00 46.00 NOTE
r-devel-windows-x86_64-gcc10-UCRT 1.0.1 NOTE
r-patched-linux-x86_64 1.0.1 2.04 21.05 23.09 NOTE
r-patched-solaris-x86 1.0.1 49.50 NOTE
r-release-linux-x86_64 1.0.1 2.02 21.21 23.23 NOTE
r-release-macos-arm64 1.0.1 NOTE
r-release-macos-x86_64 1.0.1 NOTE
r-release-windows-ix86+x86_64 1.0.1 4.00 36.00 40.00 NOTE
r-oldrel-macos-x86_64 1.0.1 OK
r-oldrel-windows-ix86+x86_64 1.0.1 5.00 40.00 45.00 OK

Check Details

Version: 1.0.1
Check: LazyData
Result: NOTE
     'LazyData' is specified without a 'data' directory
Flavors: r-devel-linux-x86_64-debian-clang, r-devel-linux-x86_64-debian-gcc, r-devel-linux-x86_64-fedora-clang, r-devel-linux-x86_64-fedora-gcc, r-devel-windows-x86_64, r-devel-windows-x86_64-gcc10-UCRT, r-patched-linux-x86_64, r-patched-solaris-x86, r-release-linux-x86_64, r-release-macos-arm64, r-release-macos-x86_64, r-release-windows-ix86+x86_64