CRAN Package Check Results for Package ecdfHT

Last updated on 2022-10-05 18:48:57 CEST.

Flavor Version Tinstall Tcheck Ttotal Status Flags
r-devel-linux-x86_64-debian-clang 0.1.1 3.41 36.76 40.17 NOTE
r-devel-linux-x86_64-debian-gcc 0.1.1 2.42 27.83 30.25 NOTE
r-devel-linux-x86_64-fedora-clang 0.1.1 60.50 NOTE
r-devel-linux-x86_64-fedora-gcc 0.1.1 57.78 NOTE
r-devel-windows-x86_64 0.1.1 5.00 64.00 69.00 NOTE
r-patched-linux-x86_64 0.1.1 2.75 35.77 38.52 NOTE
r-release-linux-x86_64 0.1.1 2.58 35.42 38.00 NOTE
r-release-macos-arm64 0.1.1 17.00 NOTE
r-release-macos-x86_64 0.1.1 22.00 NOTE
r-release-windows-x86_64 0.1.1 10.00 54.00 64.00 NOTE
r-oldrel-macos-arm64 0.1.1 22.00 NOTE
r-oldrel-macos-x86_64 0.1.1 30.00 NOTE
r-oldrel-windows-ix86+x86_64 0.1.1 6.00 69.00 75.00 NOTE

Check Details

Version: 0.1.1
Check: LazyData
Result: NOTE
     'LazyData' is specified without a 'data' directory
Flavors: r-devel-linux-x86_64-debian-clang, r-devel-linux-x86_64-debian-gcc, r-devel-linux-x86_64-fedora-clang, r-devel-linux-x86_64-fedora-gcc, r-devel-windows-x86_64, r-patched-linux-x86_64, r-release-linux-x86_64, r-release-macos-arm64, r-release-macos-x86_64, r-release-windows-x86_64, r-oldrel-macos-arm64, r-oldrel-macos-x86_64, r-oldrel-windows-ix86+x86_64