CRAN Package Check Results for Package ecdfHT

Last updated on 2023-09-30 19:55:45 CEST.

Flavor Version Tinstall Tcheck Ttotal Status Flags
r-devel-linux-x86_64-debian-clang 0.1.1 3.21 35.22 38.43 NOTE
r-devel-linux-x86_64-debian-gcc 0.1.1 2.49 26.35 28.84 NOTE
r-devel-linux-x86_64-fedora-clang 0.1.1 50.44 NOTE
r-devel-linux-x86_64-fedora-gcc 0.1.1 49.87 NOTE
r-devel-windows-x86_64 0.1.1 4.00 46.00 50.00 NOTE
r-patched-linux-x86_64 0.1.1 2.02 33.87 35.89 NOTE
r-release-linux-x86_64 0.1.1 3.22 34.24 37.46 NOTE
r-release-macos-arm64 0.1.1 18.00 NOTE
r-release-macos-x86_64 0.1.1 23.00 NOTE
r-release-windows-x86_64 0.1.1 6.00 45.00 51.00 NOTE
r-oldrel-macos-arm64 0.1.1 17.00 NOTE
r-oldrel-macos-x86_64 0.1.1 22.00 NOTE
r-oldrel-windows-x86_64 0.1.1 5.00 46.00 51.00 NOTE

Check Details

Version: 0.1.1
Check: LazyData
Result: NOTE
     'LazyData' is specified without a 'data' directory
Flavors: r-devel-linux-x86_64-debian-clang, r-devel-linux-x86_64-debian-gcc, r-devel-linux-x86_64-fedora-clang, r-devel-linux-x86_64-fedora-gcc, r-devel-windows-x86_64, r-patched-linux-x86_64, r-release-linux-x86_64, r-release-macos-arm64, r-release-macos-x86_64, r-release-windows-x86_64, r-oldrel-macos-arm64, r-oldrel-macos-x86_64, r-oldrel-windows-x86_64