CRAN Package Check Results for Package ecespa

Last updated on 2021-05-05 22:51:33 CEST.

Flavor Version Tinstall Tcheck Ttotal Status Flags
r-devel-linux-x86_64-debian-clang 1.1-13 11.20 125.56 136.76 OK
r-devel-linux-x86_64-debian-gcc 1.1-13 9.06 92.97 102.03 OK
r-devel-linux-x86_64-fedora-clang 1.1-13 174.11 OK
r-devel-linux-x86_64-fedora-gcc 1.1-13 157.77 OK
r-devel-windows-ix86+x86_64 1.1-13 20.00 224.00 244.00 OK
r-devel-windows-x86_64-gcc10-UCRT 1.1-13 OK
r-patched-linux-x86_64 1.1-13 12.25 120.11 132.36 OK
r-patched-solaris-x86 1.1-13 240.80 OK
r-release-linux-x86_64 1.1-13 10.87 115.61 126.48 OK
r-release-macos-x86_64 1.1-13 NOTE
r-release-windows-ix86+x86_64 1.1-13 21.00 171.00 192.00 OK
r-oldrel-macos-x86_64 1.1-13 OK
r-oldrel-windows-ix86+x86_64 1.1-13 24.00 159.00 183.00 OK

Check Details

Version: 1.1-13
Check: Rd cross-references
Result: NOTE
    Package unavailable to check Rd xrefs: ‘dixon’
Flavor: r-release-macos-x86_64