CRAN Package Check Results for Package ech

Last updated on 2021-05-09 06:46:54 CEST.

Flavor Version Tinstall Tcheck Ttotal Status Flags
r-devel-linux-x86_64-debian-clang 0.1.1.2 17.65 143.48 161.13 OK
r-devel-linux-x86_64-debian-gcc 0.1.1.2 13.71 108.07 121.78 OK
r-devel-linux-x86_64-fedora-clang 0.1.1.2 205.27 NOTE
r-devel-linux-x86_64-fedora-gcc 0.1.1.2 190.91 NOTE
r-devel-windows-ix86+x86_64 0.1.1.2 43.00 176.00 219.00 OK
r-devel-windows-x86_64-gcc10-UCRT 0.1.1.2 NOTE
r-patched-linux-x86_64 0.1.1.2 19.36 137.73 157.09 OK
r-patched-solaris-x86 0.1.1.2 274.20 NOTE
r-release-linux-x86_64 0.1.1.2 18.11 134.40 152.51 OK
r-release-macos-x86_64 0.1.1.2 NOTE
r-release-windows-ix86+x86_64 0.1.1.2 26.00 138.00 164.00 OK
r-oldrel-macos-x86_64 0.1.1.2 NOTE
r-oldrel-windows-ix86+x86_64 0.1.1.2 33.00 162.00 195.00 OK

Check Details

Version: 0.1.1.2
Check: data for non-ASCII characters
Result: NOTE
     Note: found 1409 marked UTF-8 strings
Flavors: r-devel-linux-x86_64-fedora-clang, r-devel-linux-x86_64-fedora-gcc, r-devel-windows-x86_64-gcc10-UCRT, r-patched-solaris-x86, r-release-macos-x86_64, r-oldrel-macos-x86_64