Last updated on 2023-10-03 16:05:40 CEST.
Flavor | Version | Tinstall | Tcheck | Ttotal | Status | Flags |
---|---|---|---|---|---|---|
r-devel-linux-x86_64-debian-clang | 0.2.3 | 93.13 | 131.49 | 224.62 | OK | |
r-devel-linux-x86_64-debian-gcc | 0.2.3 | 66.60 | 96.51 | 163.11 | OK | |
r-devel-linux-x86_64-fedora-clang | 0.2.3 | 272.03 | OK | |||
r-devel-linux-x86_64-fedora-gcc | 0.2.3 | 294.06 | OK | |||
r-devel-windows-x86_64 | 0.2.3 | 60.00 | 138.00 | 198.00 | OK | |
r-patched-linux-x86_64 | 0.2.3 | 68.31 | 119.61 | 187.92 | OK | |
r-release-linux-x86_64 | 0.2.3 | 85.54 | 119.42 | 204.96 | OK | |
r-release-macos-arm64 | 0.2.3 | 92.00 | NOTE | |||
r-release-macos-x86_64 | 0.2.3 | 145.00 | NOTE | |||
r-release-windows-x86_64 | 0.2.3 | 85.00 | 167.00 | 252.00 | OK | |
r-oldrel-macos-arm64 | 0.2.3 | 87.00 | NOTE | |||
r-oldrel-macos-x86_64 | 0.2.3 | 99.00 | NOTE | |||
r-oldrel-windows-x86_64 | 0.2.3 | 79.00 | 166.00 | 245.00 | OK |
Version: 0.2.3
Check: installed package size
Result: NOTE
installed size is 13.9Mb
sub-directories of 1Mb or more:
doc 1.3Mb
libs 12.0Mb
Flavors: r-release-macos-arm64, r-release-macos-x86_64, r-oldrel-macos-arm64, r-oldrel-macos-x86_64