CRAN Package Check Results for Package echor

Last updated on 2019-07-20 09:48:13 CEST.

Flavor Version Tinstall Tcheck Ttotal Status Flags
r-devel-linux-x86_64-debian-clang 0.1.2 4.78 43.04 47.82 OK
r-devel-linux-x86_64-debian-gcc 0.1.2 3.83 33.91 37.74 OK
r-devel-linux-x86_64-fedora-clang 0.1.2 58.29 NOTE
r-devel-linux-x86_64-fedora-gcc 0.1.2 59.40 NOTE
r-devel-windows-ix86+x86_64 0.1.2 15.00 85.00 100.00 OK
r-patched-linux-x86_64 0.1.2 4.26 42.07 46.33 OK
r-patched-solaris-x86 0.1.2 83.90 NOTE
r-release-linux-x86_64 0.1.2 4.46 41.93 46.39 OK
r-release-windows-ix86+x86_64 0.1.2 11.00 65.00 76.00 OK
r-release-osx-x86_64 0.1.2 NOTE
r-oldrel-windows-ix86+x86_64 0.1.2 7.00 98.00 105.00 OK
r-oldrel-osx-x86_64 0.1.2 NOTE

Check Details

Version: 0.1.2
Check: dependencies in R code
Result: NOTE
    Namespace in Imports field not imported from: ‘lubridate’
     All declared Imports should be used.
Flavors: r-devel-linux-x86_64-fedora-clang, r-devel-linux-x86_64-fedora-gcc, r-patched-solaris-x86, r-release-osx-x86_64, r-oldrel-osx-x86_64