CRAN Package Check Results for Package echor

Last updated on 2019-10-24 03:58:29 CEST.

Flavor Version Tinstall Tcheck Ttotal Status Flags
r-devel-linux-x86_64-debian-clang 0.1.3 5.05 42.12 47.17 OK
r-devel-linux-x86_64-debian-gcc 0.1.3 3.39 33.31 36.70 OK
r-devel-linux-x86_64-fedora-clang 0.1.3 57.16 NOTE
r-devel-linux-x86_64-fedora-gcc 0.1.3 55.52 NOTE
r-devel-windows-ix86+x86_64 0.1.3 10.00 129.00 139.00 OK
r-patched-linux-x86_64 0.1.3 4.02 40.41 44.43 OK
r-patched-solaris-x86 0.1.3 82.70 NOTE
r-release-linux-x86_64 0.1.3 4.96 41.04 46.00 OK
r-release-windows-ix86+x86_64 0.1.3 17.00 115.00 132.00 OK
r-release-osx-x86_64 0.1.3 NOTE
r-oldrel-windows-ix86+x86_64 0.1.3 11.00 105.00 116.00 OK
r-oldrel-osx-x86_64 0.1.3 NOTE

Check Details

Version: 0.1.3
Check: dependencies in R code
Result: NOTE
    Namespace in Imports field not imported from: ‘lubridate’
     All declared Imports should be used.
Flavors: r-devel-linux-x86_64-fedora-clang, r-devel-linux-x86_64-fedora-gcc, r-patched-solaris-x86, r-release-osx-x86_64, r-oldrel-osx-x86_64