Last updated on 2021-04-23 08:47:21 CEST.
Flavor | Version | Tinstall | Tcheck | Ttotal | Status | Flags |
---|---|---|---|---|---|---|
r-devel-linux-x86_64-debian-clang | 1.3 | 31.68 | 290.25 | 321.93 | NOTE | |
r-devel-linux-x86_64-debian-gcc | 1.3 | 26.25 | 211.87 | 238.12 | NOTE | |
r-devel-linux-x86_64-fedora-clang | 1.3 | 384.36 | NOTE | |||
r-devel-linux-x86_64-fedora-gcc | 1.3 | 377.17 | NOTE | |||
r-devel-windows-ix86+x86_64 | 1.3 | 73.00 | 308.00 | 381.00 | NOTE | |
r-devel-windows-x86_64-gcc10-UCRT | 1.3 | NOTE | ||||
r-patched-linux-x86_64 | 1.3 | 33.56 | 275.26 | 308.82 | NOTE | |
r-patched-solaris-x86 | 1.3 | 511.60 | OK | |||
r-release-linux-x86_64 | 1.3 | 28.48 | 273.90 | 302.38 | OK | |
r-release-macos-x86_64 | 1.3 | OK | ||||
r-release-windows-ix86+x86_64 | 1.3 | 66.00 | 252.00 | 318.00 | OK | |
r-oldrel-macos-x86_64 | 1.3 | OK | ||||
r-oldrel-windows-ix86+x86_64 | 1.3 | 65.00 | 285.00 | 350.00 | OK |
Version: 1.3
Check: LazyData
Result: NOTE
'LazyData' is specified without a 'data' directory
Flavors: r-devel-linux-x86_64-debian-clang, r-devel-linux-x86_64-debian-gcc, r-devel-linux-x86_64-fedora-clang, r-devel-linux-x86_64-fedora-gcc, r-devel-windows-ix86+x86_64, r-devel-windows-x86_64-gcc10-UCRT, r-patched-linux-x86_64