CRAN Package Check Results for Package ecocomDP

Last updated on 2021-10-23 18:54:20 CEST.

Flavor Version Tinstall Tcheck Ttotal Status Flags
r-devel-linux-x86_64-debian-clang 1.2.0 16.41 160.61 177.02 OK
r-devel-linux-x86_64-debian-gcc 1.2.0 12.26 117.93 130.19 OK
r-devel-linux-x86_64-fedora-clang 1.2.0 221.02 OK
r-devel-linux-x86_64-fedora-gcc 1.2.0 203.02 OK
r-devel-windows-x86_64 1.2.0 18.00 361.00 379.00 OK
r-devel-windows-x86_64-gcc10-UCRT 1.2.0 OK
r-patched-linux-x86_64 1.2.0 16.84 154.44 171.28 OK
r-patched-solaris-x86 1.2.0 210.90 ERROR
r-release-linux-x86_64 1.2.0 15.77 155.14 170.91 OK
r-release-macos-arm64 1.1.0 OK
r-release-macos-x86_64 1.2.0 OK
r-release-windows-ix86+x86_64 1.1.0 22.00 168.00 190.00 OK
r-oldrel-macos-x86_64 1.2.0 OK
r-oldrel-windows-ix86+x86_64 1.2.0 21.00 295.00 316.00 OK

Check Details

Version: 1.2.0
Check: tests
Result: ERROR
     Running ‘testthat.R’ [30s/312s]
    Running the tests in ‘tests/testthat.R’ failed.
    Complete output:
     > library(testthat)
     > library(ecocomDP)
     >
     > test_check("ecocomDP")
     ══ Skipped tests ═══════════════════════════════════════════════════════════════
     • On CRAN (10)
    
     ══ Failed tests ════════════════════════════════════════════════════════════════
     ── Failure (test_validate_arguments.R:323:3): read_data() ──────────────────────
     `validate_arguments("read_data", as.list(list(id = 1)))` threw an error with unexpected message.
     Expected match: "Input 'id' should be character."
     Actual message: "SSL certificate problem: certificate has expired"
     Backtrace:
     █
     1. ├─testthat::expect_error(...) test_validate_arguments.R:323:2
     2. │ └─testthat:::quasi_capture(...)
     3. │ ├─testthat:::.capture(...)
     4. │ │ └─base::withCallingHandlers(...)
     5. │ └─rlang::eval_bare(quo_get_expr(.quo), quo_get_env(.quo))
     6. └─ecocomDP:::validate_arguments("read_data", as.list(list(id = 1)))
     7. └─ecocomDP:::ping_edi()
     8. └─httr::GET(url = "https://pasta.lternet.edu/package/eml/edi/759")
     9. └─httr:::request_perform(req, hu$handle$handle)
     10. ├─httr:::request_fetch(req$output, req$url, handle)
     11. └─httr:::request_fetch.write_memory(req$output, req$url, handle)
     12. └─curl::curl_fetch_memory(url, handle = handle)
     ── Error (test_validate_arguments.R:336:3): read_data() ────────────────────────
     Error in `curl::curl_fetch_memory(url, handle = handle)`: SSL certificate problem: certificate has expired
     Backtrace:
     █
     1. ├─testthat::expect_null(validate_arguments("read_data", as.list(list(path = tempdir())))) test_validate_arguments.R:336:2
     2. │ └─testthat::quasi_label(enquo(object), label, arg = "object")
     3. │ └─rlang::eval_bare(expr, quo_get_env(quo))
     4. └─ecocomDP:::validate_arguments("read_data", as.list(list(path = tempdir())))
     5. └─ecocomDP:::ping_edi()
     6. └─httr::GET(url = "https://pasta.lternet.edu/package/eml/edi/759")
     7. └─httr:::request_perform(req, hu$handle$handle)
     8. ├─httr:::request_fetch(req$output, req$url, handle)
     9. └─httr:::request_fetch.write_memory(req$output, req$url, handle)
     10. └─curl::curl_fetch_memory(url, handle = handle)
     ── Failure (test_validate_arguments.R:425:3): save_data() ──────────────────────
     `validate_arguments("read_data", as.list(list(path = "/some/invalid/path")))` threw an error with unexpected message.
     Expected match: "Input 'path' .+ doesn't exist."
     Actual message: "SSL certificate problem: certificate has expired"
     Backtrace:
     █
     1. ├─testthat::expect_error(...) test_validate_arguments.R:425:2
     2. │ └─testthat:::quasi_capture(...)
     3. │ ├─testthat:::.capture(...)
     4. │ │ └─base::withCallingHandlers(...)
     5. │ └─rlang::eval_bare(quo_get_expr(.quo), quo_get_env(.quo))
     6. └─ecocomDP:::validate_arguments("read_data", as.list(list(path = "/some/invalid/path")))
     7. └─ecocomDP:::ping_edi()
     8. └─httr::GET(url = "https://pasta.lternet.edu/package/eml/edi/759")
     9. └─httr:::request_perform(req, hu$handle$handle)
     10. ├─httr:::request_fetch(req$output, req$url, handle)
     11. └─httr:::request_fetch.write_memory(req$output, req$url, handle)
     12. └─curl::curl_fetch_memory(url, handle = handle)
    
     [ FAIL 3 | WARN 9 | SKIP 10 | PASS 710 ]
     Error: Test failures
     Execution halted
Flavor: r-patched-solaris-x86