CRAN Package Check Results for Package ecolottery

Last updated on 2018-09-19 22:49:41 CEST.

Flavor Version Tinstall Tcheck Ttotal Status Flags
r-devel-linux-x86_64-debian-clang 1.0.0 7.02 235.84 242.86 OK
r-devel-linux-x86_64-debian-gcc 1.0.0 6.37 178.98 185.35 OK
r-devel-linux-x86_64-fedora-clang 1.0.0 286.38 OK
r-devel-linux-x86_64-fedora-gcc 1.0.0 266.63 OK
r-devel-windows-ix86+x86_64 1.0.0 14.00 267.00 281.00 OK
r-patched-linux-x86_64 1.0.0 6.34 209.51 215.85 OK
r-patched-solaris-x86 1.0.0 431.80 OK
r-release-linux-x86_64 1.0.0 5.53 210.16 215.69 OK
r-release-windows-ix86+x86_64 1.0.0 16.00 324.00 340.00 OK
r-release-osx-x86_64 1.0.0 OK
r-oldrel-windows-ix86+x86_64 1.0.0 11.00 357.00 368.00 OK
r-oldrel-osx-x86_64 1.0.0 NOTE

Check Details

Version: 1.0.0
Check: package dependencies
Result: NOTE
    Package suggested but not available for checking: ‘untb’
Flavor: r-oldrel-osx-x86_64