CRAN Package Check Results for Package ecolottery

Last updated on 2019-02-18 07:49:37 CET.

Flavor Version Tinstall Tcheck Ttotal Status Flags
r-devel-linux-x86_64-debian-clang 1.0.0 6.53 217.94 224.47 OK
r-devel-linux-x86_64-debian-gcc 1.0.0 5.46 160.65 166.11 OK
r-devel-linux-x86_64-fedora-clang 1.0.0 267.02 OK
r-devel-linux-x86_64-fedora-gcc 1.0.0 251.58 OK
r-devel-windows-ix86+x86_64 1.0.0 15.00 249.00 264.00 OK
r-patched-linux-x86_64 1.0.0 4.89 210.16 215.05 OK
r-patched-solaris-x86 1.0.0 442.60 OK
r-release-linux-x86_64 1.0.0 OK
r-release-windows-ix86+x86_64 1.0.0 12.00 236.00 248.00 OK
r-release-osx-x86_64 1.0.0 OK
r-oldrel-windows-ix86+x86_64 1.0.0 11.00 321.00 332.00 OK
r-oldrel-osx-x86_64 1.0.0 NOTE

Check Details

Version: 1.0.0
Check: package dependencies
Result: NOTE
    Package suggested but not available for checking: ‘untb’
Flavor: r-oldrel-osx-x86_64