CRAN Package Check Results for Package ecolottery

Last updated on 2018-06-24 08:50:22 CEST.

Flavor Version Tinstall Tcheck Ttotal Status Flags
r-devel-linux-x86_64-debian-clang 1.0.0 5.45 227.31 232.76 OK
r-devel-linux-x86_64-debian-gcc 1.0.0 5.69 167.21 172.90 OK
r-devel-linux-x86_64-fedora-clang 1.0.0 264.45 OK
r-devel-linux-x86_64-fedora-gcc 1.0.0 250.43 OK
r-devel-windows-ix86+x86_64 1.0.0 18.00 249.00 267.00 OK
r-patched-linux-x86_64 1.0.0 6.40 206.99 213.39 OK
r-patched-solaris-x86 1.0.0 425.50 OK
r-release-linux-x86_64 1.0.0 4.94 205.97 210.91 OK
r-release-windows-ix86+x86_64 1.0.0 15.00 259.00 274.00 OK
r-release-osx-x86_64 1.0.0 OK
r-oldrel-windows-ix86+x86_64 1.0.0 13.00 255.00 268.00 OK
r-oldrel-osx-x86_64 1.0.0 NOTE

Check Details

Version: 1.0.0
Check: package dependencies
Result: NOTE
    Package suggested but not available for checking: ‘untb’
Flavor: r-oldrel-osx-x86_64