CRAN Package Check Results for Package ecolottery

Last updated on 2018-11-20 16:51:02 CET.

Flavor Version Tinstall Tcheck Ttotal Status Flags
r-devel-linux-x86_64-debian-clang 1.0.0 6.29 221.91 228.20 OK
r-devel-linux-x86_64-debian-gcc 1.0.0 5.55 161.20 166.75 OK
r-devel-linux-x86_64-fedora-clang 1.0.0 269.04 OK
r-devel-linux-x86_64-fedora-gcc 1.0.0 253.84 OK
r-devel-windows-ix86+x86_64 1.0.0 16.00 316.00 332.00 OK
r-patched-linux-x86_64 1.0.0 5.58 211.98 217.56 OK
r-patched-solaris-x86 1.0.0 445.80 OK
r-release-linux-x86_64 1.0.0 5.23 211.60 216.83 OK
r-release-windows-ix86+x86_64 1.0.0 11.00 311.00 322.00 OK
r-release-osx-x86_64 1.0.0 OK
r-oldrel-windows-ix86+x86_64 1.0.0 18.00 323.00 341.00 OK
r-oldrel-osx-x86_64 1.0.0 NOTE

Check Details

Version: 1.0.0
Check: package dependencies
Result: NOTE
    Package suggested but not available for checking: ‘untb’
Flavor: r-oldrel-osx-x86_64