CRAN Package Check Results for Package ecosim

Last updated on 2020-12-01 12:49:17 CET.

Flavor Version Tinstall Tcheck Ttotal Status Flags
r-devel-linux-x86_64-debian-clang 1.3-1 5.25 54.94 60.19 NOTE
r-devel-linux-x86_64-debian-gcc 1.3-1 3.37 41.21 44.58 NOTE
r-devel-linux-x86_64-fedora-clang 1.3-1 76.25 NOTE
r-devel-linux-x86_64-fedora-gcc 1.3-1 67.06 NOTE
r-devel-windows-ix86+x86_64 1.3-1 8.00 71.00 79.00 OK
r-patched-linux-x86_64 1.3-1 5.38 52.19 57.57 NOTE
r-patched-solaris-x86 1.3-1 86.90 NOTE
r-release-linux-x86_64 1.3-1 4.23 52.79 57.02 NOTE
r-release-macos-x86_64 1.3-1 OK
r-release-windows-ix86+x86_64 1.3-1 8.00 57.00 65.00 OK
r-oldrel-macos-x86_64 1.3-1 OK
r-oldrel-windows-ix86+x86_64 1.3-1 6.00 69.00 75.00 OK

Check Details

Version: 1.3-1
Check: for non-standard things in the check directory
Result: NOTE
    Found the following files/directories:
     'ecosim_example_plot1.pdf' 'ecosim_example_plot2.pdf'
     'ecosim_example_plot3.pdf'
Flavors: r-devel-linux-x86_64-debian-clang, r-devel-linux-x86_64-debian-gcc, r-devel-linux-x86_64-fedora-clang, r-devel-linux-x86_64-fedora-gcc, r-patched-linux-x86_64, r-patched-solaris-x86, r-release-linux-x86_64