CRAN Package Check Results for Package ecospace

Last updated on 2020-08-06 21:48:26 CEST.

Flavor Version Tinstall Tcheck Ttotal Status Flags
r-devel-linux-x86_64-debian-clang 1.4.2 9.64 139.60 149.24 OK
r-devel-linux-x86_64-debian-gcc 1.4.2 7.51 102.54 110.05 OK
r-devel-linux-x86_64-fedora-clang 1.4.2 176.23 OK
r-devel-linux-x86_64-fedora-gcc 1.4.2 189.11 OK
r-devel-windows-ix86+x86_64 1.4.2 25.00 150.00 175.00 OK
r-patched-linux-x86_64 1.4.2 7.77 135.27 143.04 OK
r-patched-solaris-x86 1.4.2 228.40 OK
r-release-linux-x86_64 1.4.2 7.74 134.62 142.36 OK
r-release-macos-x86_64 1.4.2 OK
r-release-windows-ix86+x86_64 1.4.2 24.00 194.00 218.00 OK
r-oldrel-macos-x86_64 1.4.2 ERROR
r-oldrel-windows-ix86+x86_64 1.3.1 16.00 201.00 217.00 OK

Check Details

Version: 1.4.2
Check: whether package can be installed
Result: ERROR
    Installation failed.
Flavor: r-oldrel-macos-x86_64