CRAN Package Check Results for Package ecospat

Last updated on 2022-01-24 06:48:49 CET.

Flavor Version Tinstall Tcheck Ttotal Status Flags
r-devel-linux-x86_64-debian-clang 3.2.1 53.03 521.84 574.87 OK
r-devel-linux-x86_64-debian-gcc 3.2.1 45.93 384.09 430.02 OK
r-devel-linux-x86_64-fedora-clang 3.2.1 779.90 NOTE
r-devel-linux-x86_64-fedora-gcc 3.2.1 680.04 NOTE
r-devel-windows-x86_64-new-UL 3.2.1 123.00 612.00 735.00 OK
r-devel-windows-x86_64-new-TK 3.2.1 NOTE
r-patched-linux-x86_64 3.2.1 58.89 505.28 564.17 OK
r-release-linux-x86_64 3.2.1 40.87 497.13 538.00 OK
r-release-macos-arm64 3.2.1 NOTE
r-release-macos-x86_64 3.2.1 WARN --as-cran
r-release-windows-ix86+x86_64 3.2.1 127.00 608.00 735.00 OK
r-oldrel-macos-x86_64 3.2 NOTE
r-oldrel-windows-ix86+x86_64 3.2.1 131.00 605.00 736.00 OK

Check Details

Version: 3.2.1
Check: package dependencies
Result: NOTE
    Imports includes 23 non-default packages.
    Importing from so many packages makes the package vulnerable to any of
    them becoming unavailable. Move as many as possible to Suggests and
    use conditionally.
Flavor: r-devel-linux-x86_64-fedora-clang

Version: 3.2.1
Check: dependencies in R code
Result: NOTE
    Namespace in Imports field not imported from: ‘maps’
     All declared Imports should be used.
Flavors: r-devel-linux-x86_64-fedora-clang, r-devel-linux-x86_64-fedora-gcc, r-devel-windows-x86_64-new-TK, r-release-macos-arm64

Version: 3.2.1
Flags: --as-cran
Check: CRAN incoming feasibility
Result: WARN
    Maintainer: ‘Olivier Broennimann <olivier.broennimann@unil.ch>’
    
    Insufficient package version (submitted: 3.2.1, existing: 3.2.1)
    
    Days since last update: 1
Flavor: r-release-macos-x86_64

Version: 3.2.1
Flags: --as-cran
Check: package dependencies
Result: NOTE
    Imports includes 23 non-default packages.
    Importing from so many packages makes the package vulnerable to any of
    them becoming unavailable. Move as many as possible to Suggests and
    use conditionally.
Flavor: r-release-macos-x86_64

Version: 3.2.1
Flags: --as-cran
Check: sizes of PDF files under ‘inst/doc’
Result: NOTE
    Unable to find GhostScript executable to run checks on size reduction
Flavor: r-release-macos-x86_64

Version: 3.2.1
Flags: --as-cran
Check: for non-standard things in the check directory
Result: NOTE
    Found the following files/directories:
     ‘1641648074’ ‘1641648074.ccv.evaluationMetrics.bin.RData’
     ‘1641648074.ccv.modeling.RData’ ‘1641648175’
     ‘1641648175.ccv.evaluationMetrics.prob.RData’
     ‘1641648175.ccv.modeling.RData’ ‘1641648195’
     ‘1641648195.ccv.modeling.RData’ ‘ESM.BIOMOD.output_species.occ’
     ‘Signific_const_Cscores.txt’
Flavor: r-release-macos-x86_64

Version: 3.2
Check: dependencies in R code
Result: NOTE
    Namespace in Imports field not imported from: ‘maps’
     All declared Imports should be used.
Flavor: r-oldrel-macos-x86_64