CRAN Package Check Results for Package ecostatscale

Last updated on 2022-12-05 21:54:38 CET.

Flavor Version Tinstall Tcheck Ttotal Status Flags
r-devel-linux-x86_64-debian-clang 1.0 2.19 33.21 35.40 OK
r-devel-linux-x86_64-debian-gcc 1.0 1.83 25.49 27.32 OK
r-devel-linux-x86_64-fedora-clang 1.0 54.54 NOTE
r-devel-linux-x86_64-fedora-gcc 1.0 53.18 NOTE
r-devel-windows-x86_64 1.0 16.00 65.00 81.00 OK
r-patched-linux-x86_64 1.0 2.40 31.71 34.11 OK
r-release-linux-x86_64 1.0 2.10 31.65 33.75 OK
r-release-macos-arm64 1.0 17.00 NOTE
r-release-macos-x86_64 1.0 25.00 NOTE
r-release-windows-x86_64 1.0 29.00 62.00 91.00 OK
r-oldrel-macos-arm64 1.0 21.00 NOTE
r-oldrel-macos-x86_64 1.0 33.00 NOTE
r-oldrel-windows-ix86+x86_64 1.0 6.00 55.00 61.00 OK

Check Details

Version: 1.0
Check: dependencies in R code
Result: NOTE
    Namespace in Imports field not imported from: ‘graphics’
     All declared Imports should be used.
Flavors: r-devel-linux-x86_64-fedora-clang, r-devel-linux-x86_64-fedora-gcc, r-release-macos-arm64, r-release-macos-x86_64, r-oldrel-macos-arm64, r-oldrel-macos-x86_64