CRAN Package Check Results for Package ecr

Last updated on 2022-08-17 02:52:57 CEST.

Flavor Version Tinstall Tcheck Ttotal Status Flags
r-devel-linux-x86_64-debian-clang 2.1.0 14.73 101.90 116.63 NOTE
r-devel-linux-x86_64-debian-gcc 2.1.0 NOTE
r-devel-linux-x86_64-fedora-clang 2.1.0 150.49 NOTE
r-devel-linux-x86_64-fedora-gcc 2.1.0 143.88 NOTE
r-devel-windows-x86_64 2.1.0 54.00 132.00 186.00 NOTE
r-patched-linux-x86_64 2.1.0 16.44 98.68 115.12 NOTE
r-release-linux-x86_64 2.1.0 13.97 98.71 112.68 NOTE
r-release-macos-arm64 2.1.0 58.00 NOTE
r-release-macos-x86_64 2.1.0 84.00 NOTE
r-release-windows-x86_64 2.1.0 53.00 145.00 198.00 NOTE
r-oldrel-macos-arm64 2.1.0 106.00 NOTE
r-oldrel-macos-x86_64 2.1.0 91.00 NOTE
r-oldrel-windows-ix86+x86_64 2.1.0 40.00 144.00 184.00 NOTE

Check Details

Version: 2.1.0
Check: LazyData
Result: NOTE
     'LazyData' is specified without a 'data' directory
Flavors: r-devel-linux-x86_64-debian-clang, r-devel-linux-x86_64-debian-gcc, r-devel-linux-x86_64-fedora-clang, r-devel-linux-x86_64-fedora-gcc, r-devel-windows-x86_64, r-patched-linux-x86_64, r-release-linux-x86_64, r-release-macos-arm64, r-release-macos-x86_64, r-release-windows-x86_64, r-oldrel-macos-arm64, r-oldrel-macos-x86_64, r-oldrel-windows-ix86+x86_64