CRAN Package Check Results for Package ecr

Last updated on 2019-03-22 21:47:04 CET.

Flavor Version Tinstall Tcheck Ttotal Status Flags
r-devel-linux-x86_64-debian-clang 2.1.0 9.65 60.11 69.76 OK
r-devel-linux-x86_64-debian-gcc 2.1.0 8.57 47.88 56.45 OK
r-devel-linux-x86_64-fedora-clang 2.1.0 86.14 OK
r-devel-linux-x86_64-fedora-gcc 2.1.0 79.76 OK
r-devel-windows-ix86+x86_64 2.1.0 52.00 130.00 182.00 OK
r-patched-linux-x86_64 2.1.0 7.28 57.63 64.91 OK
r-patched-solaris-x86 2.1.0 124.40 OK
r-release-linux-x86_64 2.1.0 8.12 57.62 65.74 OK
r-release-windows-ix86+x86_64 2.1.0 28.00 100.00 128.00 OK
r-release-osx-x86_64 2.1.0 OK
r-oldrel-windows-ix86+x86_64 2.1.0 40.00 149.00 189.00 OK
r-oldrel-osx-x86_64 2.1.0 WARN

Check Details

Version: 2.1.0
Check: whether package can be installed
Result: WARN
    Found the following significant warnings:
     Warning: Installed Rcpp (0.12.12) different from Rcpp used to build dplyr (0.12.11).
Flavor: r-oldrel-osx-x86_64