CRAN Package Check Results for Package eda4treeR

Last updated on 2020-04-06 10:47:38 CEST.

Flavor Version Tinstall Tcheck Ttotal Status Flags
r-devel-linux-x86_64-debian-clang 0.2.0 14.86 123.92 138.78 OK
r-devel-linux-x86_64-debian-gcc 0.2.0 12.65 92.34 104.99 OK
r-devel-linux-x86_64-fedora-clang 0.2.0 162.97 NOTE
r-devel-linux-x86_64-fedora-gcc 0.2.0 155.14 NOTE
r-devel-windows-ix86+x86_64 0.2.0 54.00 131.00 185.00 OK
r-devel-windows-ix86+x86_64-gcc8 0.2.0 34.00 141.00 175.00 OK
r-patched-linux-x86_64 0.2.0 13.31 116.43 129.74 OK
r-patched-solaris-x86 0.2.0 268.70 NOTE
r-release-linux-x86_64 0.2.0 12.62 106.03 118.65 OK
r-release-windows-ix86+x86_64 0.2.0 52.00 216.00 268.00 OK
r-release-osx-x86_64 0.2.0 NOTE
r-oldrel-windows-ix86+x86_64 0.2.0 17.00 129.00 146.00 OK
r-oldrel-osx-x86_64 0.2.0 NOTE

Check Details

Version: 0.2.0
Check: dependencies in R code
Result: NOTE
    Namespaces in Imports field not imported from:
     ‘dae’ ‘dplyr’
     All declared Imports should be used.
Flavors: r-devel-linux-x86_64-fedora-clang, r-devel-linux-x86_64-fedora-gcc, r-patched-solaris-x86, r-release-osx-x86_64, r-oldrel-osx-x86_64