CRAN Package Check Results for Package edgebundle

Last updated on 2021-10-27 15:51:49 CEST.

Flavor Version Tinstall Tcheck Ttotal Status Flags
r-devel-linux-x86_64-debian-clang 0.2.1 32.54 80.76 113.30 OK
r-devel-linux-x86_64-debian-gcc 0.2.1 24.84 62.34 87.18 OK
r-devel-linux-x86_64-fedora-clang 0.2.1 158.25 NOTE
r-devel-linux-x86_64-fedora-gcc 0.2.1 141.85 NOTE
r-devel-windows-x86_64 0.2.1 44.00 111.00 155.00 OK
r-devel-windows-x86_64-gcc10-UCRT 0.2.1 NOTE
r-patched-linux-x86_64 0.2.1 28.41 78.61 107.02 OK
r-patched-solaris-x86 0.2.1 181.40 NOTE
r-release-linux-x86_64 0.2.1 27.84 78.14 105.98 OK
r-release-macos-arm64 0.2.1 NOTE
r-release-macos-x86_64 0.2.1 NOTE
r-release-windows-ix86+x86_64 0.2.1 57.00 139.00 196.00 OK
r-oldrel-macos-x86_64 0.2.1 NOTE
r-oldrel-windows-ix86+x86_64 0.2.1 87.00 162.00 249.00 OK

Check Details

Version: 0.2.1
Check: data for non-ASCII characters
Result: NOTE
     Note: found 22 marked UTF-8 strings
Flavors: r-devel-linux-x86_64-fedora-clang, r-devel-linux-x86_64-fedora-gcc, r-devel-windows-x86_64-gcc10-UCRT, r-patched-solaris-x86, r-release-macos-arm64, r-release-macos-x86_64, r-oldrel-macos-x86_64