Last updated on 2022-08-13 17:53:46 CEST.
Flavor | Version | Tinstall | Tcheck | Ttotal | Status | Flags |
---|---|---|---|---|---|---|
r-devel-linux-x86_64-debian-clang | 0.1.1 | 38.39 | 62.75 | 101.14 | NOTE | |
r-devel-linux-x86_64-debian-gcc | 0.1.1 | 32.95 | 46.41 | 79.36 | NOTE | |
r-devel-linux-x86_64-fedora-clang | 0.1.1 | 156.58 | NOTE | |||
r-devel-linux-x86_64-fedora-gcc | 0.1.1 | 142.52 | NOTE | |||
r-devel-windows-x86_64 | 0.1.1 | 44.00 | 104.00 | 148.00 | NOTE | |
r-patched-linux-x86_64 | 0.1.1 | 30.70 | 59.28 | 89.98 | NOTE | |
r-release-linux-x86_64 | 0.1.1 | 36.90 | 58.22 | 95.12 | NOTE | |
r-release-macos-arm64 | 0.1.1 | 40.00 | NOTE | |||
r-release-macos-x86_64 | 0.1.1 | 65.00 | NOTE | |||
r-release-windows-x86_64 | 0.1.1 | 145.00 | 113.00 | 258.00 | NOTE | |
r-oldrel-macos-arm64 | 0.1.1 | 44.00 | NOTE | |||
r-oldrel-macos-x86_64 | 0.1.1 | 65.00 | NOTE | |||
r-oldrel-windows-ix86+x86_64 | 0.1.1 | 103.00 | 116.00 | 219.00 | NOTE |
Version: 0.1.1
Check: LazyData
Result: NOTE
'LazyData' is specified without a 'data' directory
Flavors: r-devel-linux-x86_64-debian-clang, r-devel-linux-x86_64-debian-gcc, r-devel-linux-x86_64-fedora-clang, r-devel-linux-x86_64-fedora-gcc, r-devel-windows-x86_64, r-patched-linux-x86_64, r-release-linux-x86_64, r-release-macos-arm64, r-release-macos-x86_64, r-release-windows-x86_64, r-oldrel-macos-arm64, r-oldrel-macos-x86_64, r-oldrel-windows-ix86+x86_64