CRAN Package Check Results for Package edrGraphicalTools

Last updated on 2020-09-23 15:28:00 CEST.

Flavor Version Tinstall Tcheck Ttotal Status Flags
r-devel-linux-x86_64-debian-clang 2.2 6.50 49.86 56.36 OK
r-devel-linux-x86_64-debian-gcc 2.2 5.26 39.38 44.64 OK
r-devel-linux-x86_64-fedora-clang 2.2 68.75 OK
r-devel-linux-x86_64-fedora-gcc 2.2 67.61 OK
r-devel-windows-ix86+x86_64 2.2 15.00 78.00 93.00 OK
r-patched-linux-x86_64 2.2 6.14 47.82 53.96 OK
r-patched-solaris-x86 2.2 91.50 OK
r-release-linux-x86_64 2.2 6.58 48.13 54.71 OK
r-release-macos-x86_64 2.2 OK
r-release-windows-ix86+x86_64 2.2 26.00 95.00 121.00 OK
r-oldrel-macos-x86_64 2.2 WARN
r-oldrel-windows-ix86+x86_64 2.2 11.00 90.00 101.00 OK

Check Details

Version: 2.2
Check: whether package can be installed
Result: WARN
    Found the following significant warnings:
     Warning: 'rgl_init' failed, running with rgl.useNULL = TRUE
Flavor: r-oldrel-macos-x86_64