CRAN Package Check Results for Package edrGraphicalTools

Last updated on 2020-01-28 19:48:58 CET.

Flavor Version Tinstall Tcheck Ttotal Status Flags
r-devel-linux-x86_64-debian-clang 2.2 6.20 44.02 50.22 OK
r-devel-linux-x86_64-debian-gcc 2.2 4.40 34.83 39.23 OK
r-devel-linux-x86_64-fedora-clang 2.2 60.19 OK
r-devel-linux-x86_64-fedora-gcc 2.2 58.50 OK
r-devel-windows-ix86+x86_64 2.2 20.00 126.00 146.00 OK
r-devel-windows-ix86+x86_64-gcc8 2.2 33.00 93.00 126.00 OK
r-patched-linux-x86_64 2.2 OK
r-patched-solaris-x86 2.2 90.40 OK
r-release-linux-x86_64 2.2 5.35 40.28 45.63 OK
r-release-windows-ix86+x86_64 2.2 16.00 75.00 91.00 OK
r-release-osx-x86_64 2.2 WARN
r-oldrel-windows-ix86+x86_64 2.2 14.00 67.00 81.00 OK
r-oldrel-osx-x86_64 2.2 OK

Check Details

Version: 2.2
Check: whether package can be installed
Result: WARN
    Found the following significant warnings:
     Warning: 'rgl_init' failed, running with rgl.useNULL = TRUE
Flavor: r-release-osx-x86_64