CRAN Package Check Results for Package ef

Last updated on 2021-05-11 09:50:35 CEST.

Flavor Version Tinstall Tcheck Ttotal Status Flags
r-devel-linux-x86_64-debian-clang 1.2.0 75.92 83.05 158.97 OK
r-devel-linux-x86_64-debian-gcc 1.2.0 53.69 65.25 118.94 OK
r-devel-linux-x86_64-fedora-clang 1.2.0 221.26 NOTE
r-devel-linux-x86_64-fedora-gcc 1.2.0 200.28 OK
r-devel-windows-ix86+x86_64 1.2.0 123.00 154.00 277.00 NOTE
r-devel-windows-x86_64-gcc10-UCRT 1.2.0 OK
r-patched-linux-x86_64 1.2.0 62.31 79.67 141.98 OK
r-patched-solaris-x86 1.2.0 205.80 OK
r-release-linux-x86_64 1.2.0 58.77 77.68 136.45 OK
r-release-macos-x86_64 1.2.0 NOTE
r-release-windows-ix86+x86_64 1.2.0 92.00 116.00 208.00 NOTE
r-oldrel-macos-x86_64 1.2.0 NOTE
r-oldrel-windows-ix86+x86_64 1.2.0 134.00 134.00 268.00 NOTE

Check Details

Version: 1.2.0
Check: installed package size
Result: NOTE
     installed size is 14.1Mb
     sub-directories of 1Mb or more:
     libs 14.0Mb
Flavors: r-devel-linux-x86_64-fedora-clang, r-devel-windows-ix86+x86_64, r-release-macos-x86_64, r-release-windows-ix86+x86_64, r-oldrel-macos-x86_64, r-oldrel-windows-ix86+x86_64