CRAN Package Check Results for Package effectFusion

Last updated on 2022-05-19 05:51:52 CEST.

Flavor Version Tinstall Tcheck Ttotal Status Flags
r-devel-linux-x86_64-debian-clang 1.1.3 16.55 53.26 69.81 NOTE
r-devel-linux-x86_64-debian-gcc 1.1.3 11.46 40.76 52.22 WARN
r-devel-linux-x86_64-fedora-clang 1.1.3 91.15 NOTE
r-devel-linux-x86_64-fedora-gcc 1.1.3 88.88 WARN
r-devel-windows-x86_64 1.1.3 53.00 91.00 144.00 WARN
r-patched-linux-x86_64 1.1.3 13.65 51.55 65.20 OK
r-release-linux-x86_64 1.1.3 13.81 52.52 66.33 OK
r-release-macos-arm64 1.1.3 29.00 OK
r-release-macos-x86_64 1.1.3 45.00 OK
r-release-windows-x86_64 1.1.3 54.00 93.00 147.00 OK
r-oldrel-macos-arm64 1.1.3 39.00 OK
r-oldrel-macos-x86_64 1.1.3 36.00 OK
r-oldrel-windows-ix86+x86_64 1.1.3 40.00 97.00 137.00 OK

Check Details

Version: 1.1.3
Check: Rd files
Result: NOTE
    checkRd: (7) effectFusion.Rd:160-161: \item in \describe must have non-empty label
    checkRd: (7) effectFusion.Rd:193: \item in \describe must have non-empty label
    checkRd: (7) effectFusion.Rd:200: \item in \describe must have non-empty label
    checkRd: (7) effectFusion.Rd:67-68: \item in \describe must have non-empty label
    checkRd: (7) effectFusion.Rd:81-82: \item in \describe must have non-empty label
    checkRd: (7) effectFusion.Rd:83-84: \item in \describe must have non-empty label
    checkRd: (7) effectFusion.Rd:92-93: \item in \describe must have non-empty label
Flavors: r-devel-linux-x86_64-debian-clang, r-devel-linux-x86_64-debian-gcc, r-devel-linux-x86_64-fedora-clang, r-devel-linux-x86_64-fedora-gcc, r-devel-windows-x86_64

Version: 1.1.3
Check: whether package can be installed
Result: WARN
    Found the following significant warnings:
     Logit.h:122:6: warning: ‘*’ in boolean context, suggest ‘&&’ instead [-Wint-in-bool-context]
     Logit.h:123:6: warning: ‘*’ in boolean context, suggest ‘&&’ instead [-Wint-in-bool-context]
Flavors: r-devel-linux-x86_64-debian-gcc, r-devel-linux-x86_64-fedora-gcc, r-devel-windows-x86_64