CRAN Package Check Results for Package effsize

Last updated on 2020-04-02 05:48:45 CEST.

Flavor Version Tinstall Tcheck Ttotal Status Flags
r-devel-linux-x86_64-debian-clang 0.7.9 2.04 23.37 25.41 OK
r-devel-linux-x86_64-debian-gcc 0.7.9 1.90 18.31 20.21 OK
r-devel-linux-x86_64-fedora-clang 0.7.9 31.95 OK
r-devel-linux-x86_64-fedora-gcc 0.7.9 31.07 OK
r-devel-windows-ix86+x86_64 0.7.8 5.00 33.00 38.00 ERROR
r-devel-windows-ix86+x86_64-gcc8 0.7.9 7.00 37.00 44.00 OK
r-patched-linux-x86_64 0.7.9 2.61 22.59 25.20 OK
r-patched-solaris-x86 0.7.9 48.60 OK
r-release-linux-x86_64 0.7.9 2.01 21.24 23.25 OK
r-release-windows-ix86+x86_64 0.7.9 4.00 47.00 51.00 OK
r-release-osx-x86_64 0.7.9 OK
r-oldrel-windows-ix86+x86_64 0.7.9 5.00 36.00 41.00 OK
r-oldrel-osx-x86_64 0.7.9 OK

Check Details

Version: 0.7.8
Check: tests
Result: ERROR
     Running 'testthat.R' [2s]
    Running the tests in 'tests/testthat.R' failed.
    Complete output:
     > library(testthat)
     > library(effsize)
     >
     > test_check("effsize")
     -- 1. Failure: double factor (@testCliff.R#101) -------------------------------
     resf$estimate not equal to -0.44.
     1/1 mismatches
     [1] -0.167 - -0.44 == 0.273
    
     == testthat results ===========================================================
     [ OK: 146 | SKIPPED: 0 | WARNINGS: 0 | FAILED: 1 ]
     1. Failure: double factor (@testCliff.R#101)
    
     Error: testthat unit tests failed
     Execution halted
Flavor: r-devel-windows-ix86+x86_64