CRAN Package Check Results for Package eggCounts

Last updated on 2021-04-11 20:47:07 CEST.

Flavor Version Tinstall Tcheck Ttotal Status Flags
r-devel-linux-x86_64-debian-clang 2.3 842.36 149.65 992.01 NOTE
r-devel-linux-x86_64-debian-gcc 2.3 706.55 142.68 849.23 NOTE
r-devel-linux-x86_64-fedora-clang 2.3 1381.00 NOTE
r-devel-linux-x86_64-fedora-gcc 2.3 1507.80 NOTE
r-devel-windows-ix86+x86_64 2.3 1899.00 345.00 2244.00 NOTE
r-devel-windows-x86_64-gcc10-UCRT 2.3 NOTE
r-patched-linux-x86_64 2.3 713.89 180.69 894.58 NOTE
r-patched-solaris-x86 2.3 1204.50 NOTE
r-release-linux-x86_64 2.3 690.92 182.98 873.90 NOTE
r-release-macos-x86_64 2.3 NOTE
r-release-windows-ix86+x86_64 2.3 1578.00 362.00 1940.00 NOTE
r-oldrel-macos-x86_64 2.3 NOTE
r-oldrel-windows-ix86+x86_64 2.3 1321.00 227.00 1548.00 NOTE

Check Details

Version: 2.3
Check: package dependencies
Result: NOTE
    Package suggested but not available for checking: 'eggCountsExtra'
Flavors: r-devel-linux-x86_64-debian-clang, r-devel-linux-x86_64-debian-gcc, r-devel-linux-x86_64-fedora-clang, r-devel-linux-x86_64-fedora-gcc, r-devel-windows-ix86+x86_64, r-devel-windows-x86_64-gcc10-UCRT, r-patched-linux-x86_64, r-patched-solaris-x86, r-release-linux-x86_64, r-release-macos-x86_64, r-release-windows-ix86+x86_64, r-oldrel-macos-x86_64, r-oldrel-windows-ix86+x86_64

Version: 2.3
Check: for GNU extensions in Makefiles
Result: NOTE
    GNU make is a SystemRequirements.
Flavors: r-devel-linux-x86_64-debian-clang, r-devel-linux-x86_64-debian-gcc, r-devel-linux-x86_64-fedora-clang, r-devel-linux-x86_64-fedora-gcc, r-devel-windows-ix86+x86_64, r-devel-windows-x86_64-gcc10-UCRT, r-patched-linux-x86_64, r-patched-solaris-x86, r-release-linux-x86_64, r-release-macos-x86_64, r-release-windows-ix86+x86_64, r-oldrel-macos-x86_64, r-oldrel-windows-ix86+x86_64

Version: 2.3
Check: installed package size
Result: NOTE
     installed size is 120.6Mb
     sub-directories of 1Mb or more:
     libs 119.8Mb
Flavors: r-devel-linux-x86_64-fedora-clang, r-devel-windows-ix86+x86_64, r-patched-solaris-x86, r-release-macos-x86_64, r-release-windows-ix86+x86_64, r-oldrel-macos-x86_64, r-oldrel-windows-ix86+x86_64

Version: 2.3
Check: line endings in C/C++/Fortran sources/headers
Result: NOTE
    Found the following sources/headers with CR or CRLF line endings:
     src/stan_files/indefficacy.hpp
     src/stan_files/nb.hpp
     src/stan_files/paired.hpp
     src/stan_files/simple.hpp
     src/stan_files/unpaired.hpp
     src/stan_files/zinb.hpp
     src/stan_files/zipaired.hpp
     src/stan_files/ziunpaired.hpp
    Some Unix compilers require LF line endings.
Flavor: r-devel-windows-x86_64-gcc10-UCRT