Last updated on 2023-12-01 03:56:26 CET.
Flavor | Version | Tinstall | Tcheck | Ttotal | Status | Flags |
---|---|---|---|---|---|---|
r-devel-linux-x86_64-debian-clang | 1.23.3 | 18.54 | 260.30 | 278.84 | NOTE | |
r-devel-linux-x86_64-debian-gcc | 1.23.3 | 14.00 | 195.43 | 209.43 | NOTE | |
r-devel-linux-x86_64-fedora-clang | 1.23.3 | 341.51 | NOTE | |||
r-devel-linux-x86_64-fedora-gcc | 1.23.3 | 332.52 | NOTE | |||
r-devel-windows-x86_64 | 1.23.3 | 15.00 | 192.00 | 207.00 | NOTE | |
r-patched-linux-x86_64 | 1.23.3 | 19.23 | 249.31 | 268.54 | OK | |
r-release-linux-x86_64 | 1.23.3 | 11.25 | 254.62 | 265.87 | OK | |
r-release-macos-arm64 | 1.23.3 | 94.00 | OK | |||
r-release-macos-x86_64 | 1.23.3 | 180.00 | OK | |||
r-release-windows-x86_64 | 1.23.3 | 22.00 | 255.00 | 277.00 | OK | |
r-oldrel-macos-arm64 | 1.23.3 | 92.00 | OK | |||
r-oldrel-macos-x86_64 | 1.23.3 | 166.00 | OK | |||
r-oldrel-windows-x86_64 | 1.23.3 | 22.00 | 244.00 | 266.00 | OK |
Version: 1.23.3
Check: Rd \usage sections
Result: NOTE
Documented arguments not in \usage in Rd file 'rotate_to_equilibrium.Rd':
‘xy_may’
Documented arguments not in \usage in Rd file 'wide.dyads.to.edgelist.Rd':
‘fist.var’
Documented arguments not in \usage in Rd file 'wide.to.long.Rd':
‘last.col’ ‘ego.vars’
Functions with \usage entries need to have the appropriate \alias
entries, and all their arguments documented.
The \usage entries must correspond to syntactically valid R code.
See chapter ‘Writing R documentation files’ in the ‘Writing R
Extensions’ manual.
Flavors: r-devel-linux-x86_64-debian-clang, r-devel-linux-x86_64-debian-gcc, r-devel-linux-x86_64-fedora-clang, r-devel-linux-x86_64-fedora-gcc, r-devel-windows-x86_64