CRAN Package Check Results for Package ehelp

Last updated on 2022-05-23 16:53:56 CEST.

Flavor Version Tinstall Tcheck Ttotal Status Flags
r-devel-linux-x86_64-debian-clang 1.2 2.86 46.76 49.62 NOTE
r-devel-linux-x86_64-debian-gcc 1.2 2.12 36.49 38.61 NOTE
r-devel-linux-x86_64-fedora-clang 1.2 59.72 NOTE
r-devel-linux-x86_64-fedora-gcc 1.2 57.80 NOTE
r-devel-windows-x86_64 1.2 11.00 88.00 99.00 NOTE
r-patched-linux-x86_64 1.2 2.51 45.47 47.98 NOTE
r-release-linux-x86_64 1.2 NOTE
r-release-macos-arm64 1.2 26.00 NOTE
r-release-macos-x86_64 1.2 35.00 NOTE
r-release-windows-x86_64 1.2 12.00 98.00 110.00 NOTE
r-oldrel-macos-arm64 1.2 25.00 NOTE
r-oldrel-macos-x86_64 1.2 38.00 NOTE
r-oldrel-windows-ix86+x86_64 1.2 6.00 48.00 54.00 NOTE

Check Details

Version: 1.2
Check: LazyData
Result: NOTE
     'LazyData' is specified without a 'data' directory
Flavors: r-devel-linux-x86_64-debian-clang, r-devel-linux-x86_64-debian-gcc, r-devel-linux-x86_64-fedora-clang, r-devel-linux-x86_64-fedora-gcc, r-devel-windows-x86_64, r-patched-linux-x86_64, r-release-linux-x86_64, r-release-macos-arm64, r-release-macos-x86_64, r-release-windows-x86_64, r-oldrel-macos-arm64, r-oldrel-macos-x86_64, r-oldrel-windows-ix86+x86_64