CRAN Package Check Results for Package eiCompare

Last updated on 2021-09-18 23:49:51 CEST.

Flavor Version Tinstall Tcheck Ttotal Status Flags
r-devel-linux-x86_64-debian-clang 3.0.0 20.59 488.75 509.34 OK
r-devel-linux-x86_64-debian-gcc 3.0.0 16.80 360.72 377.52 OK
r-devel-linux-x86_64-fedora-clang 3.0.0 614.30 OK
r-devel-linux-x86_64-fedora-gcc 3.0.0 551.53 OK
r-devel-windows-x86_64 3.0.0 27.00 574.00 601.00 OK
r-devel-windows-x86_64-gcc10-UCRT 3.0.0 OK
r-patched-linux-x86_64 3.0.0 21.11 499.88 520.99 OK
r-patched-solaris-x86 3.0.0 902.80 NOTE
r-release-linux-x86_64 3.0.0 18.95 461.82 480.77 OK
r-release-macos-arm64 3.0.0 OK
r-release-macos-x86_64 3.0.0 OK
r-release-windows-ix86+x86_64 3.0.0 49.00 453.00 502.00 OK
r-oldrel-macos-x86_64 3.0.0 OK
r-oldrel-windows-ix86+x86_64 3.0.0 47.00 623.00 670.00 OK

Check Details

Version: 3.0.0
Check: installed package size
Result: NOTE
     installed size is 5.4Mb
     sub-directories of 1Mb or more:
     doc 4.2Mb
Flavor: r-patched-solaris-x86