Last updated on 2023-12-09 08:49:41 CET.
Flavor | Version | Tinstall | Tcheck | Ttotal | Status | Flags |
---|---|---|---|---|---|---|
r-devel-linux-x86_64-debian-clang | 0.4.1 | 4.98 | 53.35 | 58.33 | OK | |
r-devel-linux-x86_64-debian-gcc | 0.4.1 | 4.14 | 40.48 | 44.62 | OK | |
r-devel-linux-x86_64-fedora-clang | 0.4.1 | 71.36 | OK | |||
r-devel-linux-x86_64-fedora-gcc | 0.4.1 | 79.24 | OK | |||
r-devel-windows-x86_64 | 0.4.1 | 5.00 | 63.00 | 68.00 | OK | |
r-patched-linux-x86_64 | 0.4.1 | 3.60 | 50.84 | 54.44 | OK | |
r-release-linux-x86_64 | 0.4.1 | 4.56 | 50.35 | 54.91 | OK | |
r-release-macos-arm64 | 0.4.1 | 35.00 | OK | |||
r-release-macos-x86_64 | 0.4.1 | 102.00 | OK | |||
r-release-windows-x86_64 | 0.4.1 | 7.00 | 67.00 | 74.00 | OK | |
r-oldrel-macos-arm64 | 0.4.1 | 36.00 | OK | |||
r-oldrel-macos-x86_64 | 0.3.7 | 49.00 | NOTE | |||
r-oldrel-windows-x86_64 | 0.4.1 | 7.00 | 66.00 | 73.00 | OK |
Version: 0.3.7
Check: LazyData
Result: NOTE
'LazyData' is specified without a 'data' directory
Flavor: r-oldrel-macos-x86_64