CRAN Package Check Results for Package eigeninv

Last updated on 2020-09-18 17:52:32 CEST.

Flavor Version Tinstall Tcheck Ttotal Status Flags
r-devel-linux-x86_64-debian-clang 2011.8-1 1.92 17.83 19.75 NOTE
r-devel-linux-x86_64-debian-gcc 2011.8-1 1.48 14.41 15.89 NOTE
r-devel-linux-x86_64-fedora-clang 2011.8-1 34.20 NOTE
r-devel-linux-x86_64-fedora-gcc 2011.8-1 24.65 NOTE
r-devel-windows-ix86+x86_64 2011.8-1 4.00 31.00 35.00 NOTE
r-patched-linux-x86_64 2011.8-1 1.94 17.82 19.76 NOTE
r-patched-solaris-x86 2011.8-1 38.40 NOTE
r-release-linux-x86_64 2011.8-1 1.90 17.68 19.58 NOTE
r-release-macos-x86_64 2011.8-1 NOTE
r-release-windows-ix86+x86_64 2011.8-1 5.00 25.00 30.00 NOTE
r-oldrel-macos-x86_64 2011.8-1 NOTE
r-oldrel-windows-ix86+x86_64 2011.8-1 5.00 36.00 41.00 NOTE

Check Details

Version: 2011.8-1
Check: R code for possible problems
Result: NOTE
    eiginv: no visible global function definition for 'runif'
    Undefined global functions or variables:
     runif
    Consider adding
     importFrom("stats", "runif")
    to your NAMESPACE file.
Flavors: r-devel-linux-x86_64-debian-clang, r-devel-linux-x86_64-debian-gcc, r-devel-linux-x86_64-fedora-clang, r-devel-linux-x86_64-fedora-gcc, r-devel-windows-ix86+x86_64, r-patched-linux-x86_64, r-patched-solaris-x86, r-release-linux-x86_64, r-release-macos-x86_64, r-release-windows-ix86+x86_64, r-oldrel-macos-x86_64, r-oldrel-windows-ix86+x86_64