CRAN Package Check Results for Package eigenprcomp

Last updated on 2021-10-27 10:59:06 CEST.

Flavor Version Tinstall Tcheck Ttotal Status Flags
r-devel-linux-x86_64-debian-clang 1.0 1.55 20.43 21.98 NOTE
r-devel-linux-x86_64-debian-gcc 1.0 1.48 16.00 17.48 NOTE
r-devel-linux-x86_64-fedora-clang 1.0 37.48 NOTE
r-devel-linux-x86_64-fedora-gcc 1.0 27.76 NOTE
r-devel-windows-x86_64 1.0 4.00 34.00 38.00 NOTE
r-devel-windows-x86_64-gcc10-UCRT 1.0 NOTE
r-patched-linux-x86_64 1.0 1.76 19.96 21.72 NOTE
r-patched-solaris-x86 1.0 44.00 NOTE
r-release-linux-x86_64 1.0 1.66 19.63 21.29 NOTE
r-release-macos-arm64 1.0 NOTE
r-release-macos-x86_64 1.0 NOTE
r-release-windows-ix86+x86_64 1.0 4.00 26.00 30.00 NOTE
r-oldrel-macos-x86_64 1.0 NOTE
r-oldrel-windows-ix86+x86_64 1.0 4.00 24.00 28.00 NOTE

Check Details

Version: 1.0
Check: R code for possible problems
Result: NOTE
    boot_pr_comp: no visible global function definition for 'cov'
    boot_pr_comp: no visible global function definition for 'quantile'
    boot_pr_comp: no visible global function definition for 'segments'
    boot_pr_comp: no visible global function definition for 'abline'
    Undefined global functions or variables:
     abline cov quantile segments
    Consider adding
     importFrom("graphics", "abline", "segments")
     importFrom("stats", "cov", "quantile")
    to your NAMESPACE file.
Flavors: r-devel-linux-x86_64-debian-clang, r-devel-linux-x86_64-debian-gcc, r-devel-linux-x86_64-fedora-clang, r-devel-linux-x86_64-fedora-gcc, r-devel-windows-x86_64, r-devel-windows-x86_64-gcc10-UCRT, r-patched-linux-x86_64, r-patched-solaris-x86, r-release-linux-x86_64, r-release-macos-arm64, r-release-macos-x86_64, r-release-windows-ix86+x86_64, r-oldrel-macos-x86_64, r-oldrel-windows-ix86+x86_64