CRAN Package Check Results for Package eirm

Last updated on 2021-09-28 14:52:06 CEST.

Flavor Version Tinstall Tcheck Ttotal Status Flags
r-devel-linux-x86_64-debian-clang 0.4 10.75 132.87 143.62 OK
r-devel-linux-x86_64-debian-gcc 0.4 9.20 100.43 109.63 OK
r-devel-linux-x86_64-fedora-clang 0.4 179.23 NOTE
r-devel-linux-x86_64-fedora-gcc 0.4 166.91 OK
r-devel-windows-x86_64 0.4 12.00 129.00 141.00 OK
r-devel-windows-x86_64-gcc10-UCRT 0.4 OK
r-patched-linux-x86_64 0.4 9.92 122.87 132.79 OK
r-patched-solaris-x86 0.4 251.40 OK
r-release-linux-x86_64 0.4 9.08 124.04 133.12 OK
r-release-macos-arm64 0.4 OK
r-release-macos-x86_64 0.4 OK
r-release-windows-ix86+x86_64 0.4 28.00 125.00 153.00 OK
r-oldrel-macos-x86_64 0.4 OK
r-oldrel-windows-ix86+x86_64 0.4 19.00 124.00 143.00 OK

Check Details

Version: 0.4
Check: Rd cross-references
Result: NOTE
    Undeclared package ‘eRm’ in Rd xrefs
Flavor: r-devel-linux-x86_64-fedora-clang