CRAN Package Check Results for Package elaborator

Last updated on 2022-08-09 23:53:54 CEST.

Flavor Version Tinstall Tcheck Ttotal Status Flags
r-devel-linux-x86_64-debian-clang 1.1 14.43 95.96 110.39 NOTE
r-devel-linux-x86_64-debian-gcc 1.1 13.30 72.04 85.34 NOTE
r-devel-linux-x86_64-fedora-clang 1.1 149.16 NOTE
r-devel-linux-x86_64-fedora-gcc 1.1 138.55 NOTE
r-devel-windows-x86_64 1.1 54.00 126.00 180.00 NOTE
r-patched-linux-x86_64 1.1 9.94 92.53 102.47 NOTE
r-release-linux-x86_64 1.1 NOTE
r-release-macos-arm64 1.1 31.00 NOTE
r-release-macos-x86_64 1.1 58.00 NOTE
r-release-windows-x86_64 1.1 70.00 121.00 191.00 NOTE
r-oldrel-macos-arm64 1.1 44.00 NOTE
r-oldrel-macos-x86_64 1.1 70.00 NOTE
r-oldrel-windows-ix86+x86_64 1.1 32.00 117.00 149.00 NOTE

Check Details

Version: 1.1
Check: LazyData
Result: NOTE
     'LazyData' is specified without a 'data' directory
Flavors: r-devel-linux-x86_64-debian-clang, r-devel-linux-x86_64-debian-gcc, r-devel-linux-x86_64-fedora-clang, r-devel-linux-x86_64-fedora-gcc, r-devel-windows-x86_64, r-patched-linux-x86_64, r-release-linux-x86_64, r-release-macos-arm64, r-release-macos-x86_64, r-release-windows-x86_64, r-oldrel-macos-arm64, r-oldrel-macos-x86_64, r-oldrel-windows-ix86+x86_64