CRAN Package Check Results for Package elastic

Last updated on 2019-03-24 09:46:41 CET.

Flavor Version Tinstall Tcheck Ttotal Status Flags
r-devel-linux-x86_64-debian-clang 0.8.4 5.66 39.02 44.68 OK
r-devel-linux-x86_64-debian-gcc 0.8.4 4.77 30.31 35.08 OK
r-devel-linux-x86_64-fedora-clang 0.8.4 51.89 OK
r-devel-linux-x86_64-fedora-gcc 0.8.4 49.07 OK
r-devel-windows-ix86+x86_64 0.8.4 13.00 62.00 75.00 OK
r-patched-linux-x86_64 0.8.4 4.38 34.99 39.37 OK
r-patched-solaris-x86 0.8.4 67.60 NOTE
r-release-linux-x86_64 0.8.4 0.61 3.51 4.12 ERROR
r-release-windows-ix86+x86_64 0.8.4 8.00 51.00 59.00 OK
r-release-osx-x86_64 0.8.4 OK
r-oldrel-windows-ix86+x86_64 0.8.4 6.00 54.00 60.00 OK
r-oldrel-osx-x86_64 0.8.4 OK

Check Details

Version: 0.8.4
Check: installed package size
Result: NOTE
     installed size is 5.0Mb
     sub-directories of 1Mb or more:
     examples 4.2Mb
Flavor: r-patched-solaris-x86

Version: 0.8.4
Check: whether package can be installed
Result: ERROR
    Installation failed.
Flavor: r-release-linux-x86_64