CRAN Package Check Results for Package elastic

Last updated on 2021-02-25 07:49:44 CET.

Flavor Version Tinstall Tcheck Ttotal Status Flags
r-devel-linux-x86_64-debian-clang 1.1.0 8.77 48.07 56.84 OK
r-devel-linux-x86_64-debian-gcc 1.1.0 5.78 36.76 42.54 OK
r-devel-linux-x86_64-fedora-clang 1.1.0 78.38 OK
r-devel-linux-x86_64-fedora-gcc 1.1.0 65.67 OK
r-devel-windows-ix86+x86_64 1.1.0 11.00 50.00 61.00 OK
r-patched-linux-x86_64 1.1.0 6.81 45.77 52.58 OK
r-patched-solaris-x86 1.1.0 91.90 NOTE
r-release-linux-x86_64 1.1.0 6.12 46.16 52.28 OK
r-release-macos-x86_64 1.1.0 OK
r-release-windows-ix86+x86_64 1.1.0 14.00 65.00 79.00 OK
r-oldrel-macos-x86_64 1.1.0 OK
r-oldrel-windows-ix86+x86_64 1.1.0 8.00 69.00 77.00 OK

Check Details

Version: 1.1.0
Check: installed package size
Result: NOTE
     installed size is 5.0Mb
     sub-directories of 1Mb or more:
     examples 4.2Mb
Flavor: r-patched-solaris-x86