CRAN Package Check Results for Package elec

Last updated on 2021-08-01 02:52:50 CEST.

Flavor Version Tinstall Tcheck Ttotal Status Flags
r-devel-linux-x86_64-debian-clang 0.1.2.1 3.76 45.40 49.16 NOTE
r-devel-linux-x86_64-debian-gcc 0.1.2.1 3.19 35.97 39.16 NOTE
r-devel-linux-x86_64-fedora-clang 0.1.2.1 68.60 NOTE
r-devel-linux-x86_64-fedora-gcc 0.1.2.1 58.42 NOTE
r-devel-windows-x86_64 0.1.2.1 5.00 45.00 50.00 OK
r-devel-windows-x86_64-gcc10-UCRT 0.1.2.1 OK
r-patched-linux-x86_64 0.1.2.1 NOTE
r-patched-solaris-x86 0.1.2.1 77.60 OK
r-release-linux-x86_64 0.1.2.1 4.09 44.02 48.11 NOTE
r-release-macos-arm64 0.1.2.1 OK
r-release-macos-x86_64 0.1.2.1 OK
r-release-windows-ix86+x86_64 0.1.2.1 6.00 43.00 49.00 OK
r-oldrel-macos-x86_64 0.1.2.1 OK
r-oldrel-windows-ix86+x86_64 0.1.2.1 6.00 44.00 50.00 OK

Check Details

Version: 0.1.2.1
Check: Rd line widths
Result: NOTE
    Rd file 'KM.audit.Rd':
     \usage lines wider than 90 characters:
     KM.audit(data, U, Z, alpha = 0.25, plot = FALSE, debug = FALSE, return.Ps = FALSE, truncate.Ps = TRUE)
    
    Rd file 'make.audit.Rd':
     \usage lines wider than 90 characters:
     make.audit(Z = NULL, method = c("tweak", "opt.bad", "opt.bad.WPM", "opt.bad.packed", "opt.bad.packed.WPM", "ok", "no error"), p_d = 0.2 ... [TRUNCATED]
    
    Rd file 'make.opt.packed.bad.Rd':
     \usage lines wider than 90 characters:
     make.opt.packed.bad(Z, max.taint = 1, max.taint.good = max.taint, WPM = FALSE, add.good = 0, add.random = FALSE)
    
    Rd file 'simulateIt.Rd':
     \usage lines wider than 90 characters:
     simulateIt(data, M = 50, alpha = 0.25, plot = FALSE, debug = FALSE, return.Ps = FALSE, truncate.Ps = TRUE)
    
    These lines will be truncated in the PDF manual.
Flavors: r-devel-linux-x86_64-debian-clang, r-devel-linux-x86_64-debian-gcc, r-devel-linux-x86_64-fedora-clang, r-devel-linux-x86_64-fedora-gcc, r-patched-linux-x86_64, r-release-linux-x86_64