CRAN Package Check Results for Package elec

Last updated on 2024-06-12 19:54:17 CEST.

Flavor Version Tinstall Tcheck Ttotal Status Flags
r-devel-linux-x86_64-debian-clang 0.1.2.2 3.37 56.42 59.79 NOTE
r-devel-linux-x86_64-debian-gcc 0.1.2.2 3.12 36.38 39.50 ERROR
r-devel-linux-x86_64-fedora-clang 0.1.2.2 76.14 NOTE
r-devel-linux-x86_64-fedora-gcc 0.1.2.2 71.40 NOTE
r-devel-windows-x86_64 0.1.2.2 5.00 65.00 70.00 NOTE
r-patched-linux-x86_64 0.1.2.2 6.35 55.71 62.06 NOTE
r-release-linux-x86_64 0.1.2.2 3.78 52.85 56.63 NOTE
r-release-macos-arm64 0.1.2.2 28.00 NOTE
r-release-macos-x86_64 0.1.2.2 38.00 NOTE
r-release-windows-x86_64 0.1.2.2 5.00 66.00 71.00 NOTE
r-oldrel-macos-arm64 0.1.2.2 26.00 NOTE
r-oldrel-macos-x86_64 0.1.2.2 39.00 NOTE
r-oldrel-windows-x86_64 0.1.2.2 4.00 74.00 78.00 NOTE

Check Details

Version: 0.1.2.2
Check: Rd files
Result: NOTE checkRd: (-1) AuditErrors.Rd:40: Escaped LaTeX specials: \_ checkRd: (-1) compute.audit.errors.Rd:24: Escaped LaTeX specials: \_ checkRd: (-1) compute.stark.t.Rd:35: Escaped LaTeX specials: \_ \_ checkRd: (-1) find.q.Rd:44: Escaped LaTeX specials: \_ checkRd: (-1) find.q.Rd:56: Escaped LaTeX specials: \_ checkRd: (-1) stark.test.Rd:50: Escaped LaTeX specials: \$ checkRd: (-1) stark.test.Rd:101: Escaped LaTeX specials: \$ \$ checkRd: (-1) tri.audit.sim.Rd:47: Escaped LaTeX specials: \_ checkRd: (-1) tri.calc.sample.Rd:34: Escaped LaTeX specials: \_ checkRd: (-1) tri.sample.Rd:34: Escaped LaTeX specials: \$ checkRd: (-1) tri.sample.Rd:36: Escaped LaTeX specials: \$ checkRd: (-1) tri.sample.Rd:49: Escaped LaTeX specials: \$ checkRd: (-1) weight.function.Rd:16: Escaped LaTeX specials: \_ Flavors: r-devel-linux-x86_64-debian-clang, r-devel-linux-x86_64-debian-gcc, r-devel-linux-x86_64-fedora-clang, r-devel-linux-x86_64-fedora-gcc, r-devel-windows-x86_64, r-patched-linux-x86_64, r-release-linux-x86_64, r-release-macos-arm64, r-release-macos-x86_64, r-release-windows-x86_64, r-oldrel-macos-arm64, r-oldrel-macos-x86_64, r-oldrel-windows-x86_64

Version: 0.1.2.2
Check: package dependencies
Result: NOTE Package suggested but not available for checking: ‘testthat’ Flavor: r-devel-linux-x86_64-debian-gcc

Version: 0.1.2.2
Check: tests
Result: ERROR Running ‘testthat.R’ [0s/1s] Running the tests in ‘tests/testthat.R’ failed. Complete output: > library(testthat) Error in library(testthat) : there is no package called 'testthat' Execution halted Flavor: r-devel-linux-x86_64-debian-gcc