CRAN Package Check Results for Package elhmc

Last updated on 2024-05-25 06:56:55 CEST.

Flavor Version Tinstall Tcheck Ttotal Status Flags
r-devel-linux-x86_64-debian-clang 1.1.0 3.27 30.93 34.20 NOTE
r-devel-linux-x86_64-debian-gcc 1.1.0 2.16 24.17 26.33 NOTE
r-devel-linux-x86_64-fedora-clang 1.1.0 45.49 NOTE
r-devel-linux-x86_64-fedora-gcc 1.1.0 41.18 NOTE
r-devel-windows-x86_64 1.1.0 3.00 45.00 48.00 NOTE
r-patched-linux-x86_64 1.1.0 2.57 29.73 32.30 NOTE
r-release-linux-x86_64 1.1.0 3.13 29.60 32.73 NOTE
r-release-macos-arm64 1.1.0 17.00 NOTE
r-release-windows-x86_64 1.1.0 4.00 495.00 499.00 NOTE
r-oldrel-macos-arm64 1.1.0 18.00 NOTE
r-oldrel-macos-x86_64 1.1.0 24.00 NOTE
r-oldrel-windows-x86_64 1.1.0 4.00 46.00 50.00 NOTE

Check Details

Version: 1.1.0
Check: LazyData
Result: NOTE 'LazyData' is specified without a 'data' directory Flavors: r-devel-linux-x86_64-debian-clang, r-devel-linux-x86_64-debian-gcc, r-devel-linux-x86_64-fedora-clang, r-devel-linux-x86_64-fedora-gcc, r-devel-windows-x86_64, r-patched-linux-x86_64, r-release-linux-x86_64, r-release-macos-arm64, r-release-windows-x86_64, r-oldrel-macos-arm64, r-oldrel-macos-x86_64, r-oldrel-windows-x86_64