CRAN Package Check Results for Package ellipsis

Last updated on 2022-10-07 07:50:15 CEST.

Flavor Version Tinstall Tcheck Ttotal Status Flags
r-devel-linux-x86_64-debian-clang 0.3.2 3.20 32.49 35.69 OK
r-devel-linux-x86_64-debian-gcc 0.3.2 2.60 25.05 27.65 NOTE
r-devel-linux-x86_64-fedora-clang 0.3.2 56.79 OK
r-devel-linux-x86_64-fedora-gcc 0.3.2 54.58 OK
r-devel-windows-x86_64 0.3.2 19.00 63.00 82.00 OK
r-patched-linux-x86_64 0.3.2 3.57 30.54 34.11 OK
r-release-linux-x86_64 0.3.2 3.05 30.81 33.86 OK
r-release-macos-arm64 0.3.2 17.00 OK
r-release-macos-x86_64 0.3.2 28.00 OK
r-release-windows-x86_64 0.3.2 15.00 58.00 73.00 OK
r-oldrel-macos-arm64 0.3.2 26.00 OK
r-oldrel-macos-x86_64 0.3.2 29.00 OK
r-oldrel-windows-ix86+x86_64 0.3.2 10.00 67.00 77.00 OK

Check Details

Version: 0.3.2
Check: compilation flags used
Result: NOTE
    Compilation used the following non-portable flag(s):
     ‘-Wstrict-prototypes’
Flavor: r-devel-linux-x86_64-debian-gcc