Last updated on 2022-07-02 07:06:58 CEST.
Flavor | Version | Tinstall | Tcheck | Ttotal | Status | Flags |
---|---|---|---|---|---|---|
r-devel-linux-x86_64-debian-clang | 0.1.2 | 3.29 | 35.81 | 39.10 | OK | |
r-devel-linux-x86_64-debian-gcc | 0.1.2 | 3.32 | 27.41 | 30.73 | OK | |
r-devel-linux-x86_64-fedora-clang | 0.1.2 | 58.83 | NOTE | |||
r-devel-linux-x86_64-fedora-gcc | 0.1.2 | 58.60 | NOTE | |||
r-devel-windows-x86_64 | 0.1.2 | 26.00 | 62.00 | 88.00 | OK | |
r-patched-linux-x86_64 | 0.1.2 | 2.94 | 34.46 | 37.40 | OK | |
r-release-linux-x86_64 | 0.1.2 | 4.50 | 34.89 | 39.39 | OK | |
r-release-macos-arm64 | 0.1.2 | 18.00 | NOTE | |||
r-release-macos-x86_64 | 0.1.2 | 34.00 | NOTE | |||
r-release-windows-x86_64 | 0.1.2 | 60.00 | 66.00 | 126.00 | OK | |
r-oldrel-macos-arm64 | 0.1.2 | 27.00 | NOTE | |||
r-oldrel-macos-x86_64 | 0.1.2 | 29.00 | NOTE | |||
r-oldrel-windows-ix86+x86_64 | 0.1.2 | 8.00 | 54.00 | 62.00 | OK |
Version: 0.1.2
Check: dependencies in R code
Result: NOTE
Namespace in Imports field not imported from: ‘datasets’
All declared Imports should be used.
Flavors: r-devel-linux-x86_64-fedora-clang, r-devel-linux-x86_64-fedora-gcc, r-release-macos-arm64, r-release-macos-x86_64, r-oldrel-macos-arm64, r-oldrel-macos-x86_64