Last updated on 2023-05-28 07:57:29 CEST.
Flavor | Version | Tinstall | Tcheck | Ttotal | Status | Flags |
---|---|---|---|---|---|---|
r-devel-linux-x86_64-debian-clang | 1.0.0 | 87.20 | 394.56 | 481.76 | NOTE | |
r-devel-linux-x86_64-debian-gcc | 1.0.0 | 70.68 | 469.12 | 539.80 | NOTE | |
r-devel-linux-x86_64-fedora-clang | 1.0.0 | 571.76 | NOTE | |||
r-devel-linux-x86_64-fedora-gcc | 1.0.0 | 702.56 | NOTE | |||
r-devel-windows-x86_64 | 1.0.0 | 68.00 | 284.00 | 352.00 | NOTE | |
r-patched-linux-x86_64 | 1.0.0 | 74.31 | 521.87 | 596.18 | NOTE | |
r-release-linux-x86_64 | 1.0.0 | 69.46 | 501.55 | 571.01 | NOTE | |
r-release-macos-arm64 | 1.0.0 | 132.00 | NOTE | |||
r-release-macos-x86_64 | 1.0.0 | 215.00 | NOTE | |||
r-release-windows-x86_64 | 1.0.0 | 86.00 | 289.00 | 375.00 | NOTE | |
r-oldrel-macos-arm64 | 1.0.0 | 99.00 | OK | |||
r-oldrel-macos-x86_64 | 1.0.0 | 147.00 | OK | |||
r-oldrel-windows-x86_64 | 1.0.0 | 87.00 | 273.00 | 360.00 | OK |
Version: 1.0.0
Check: C++ specification
Result: NOTE
Specified C++11: please drop specification unless essential
Flavors: r-devel-linux-x86_64-debian-clang, r-devel-linux-x86_64-debian-gcc, r-devel-linux-x86_64-fedora-clang, r-devel-linux-x86_64-fedora-gcc, r-devel-windows-x86_64, r-patched-linux-x86_64, r-release-linux-x86_64, r-release-macos-arm64, r-release-macos-x86_64, r-release-windows-x86_64