CRAN Package Check Results for Package emIRT

Last updated on 2020-02-29 07:50:11 CET.

Flavor Version Tinstall Tcheck Ttotal Status Flags
r-devel-linux-x86_64-debian-clang 0.0.11 992.09 41.27 1033.36 OK
r-devel-linux-x86_64-debian-gcc 0.0.11 636.31 32.26 668.57 OK
r-devel-linux-x86_64-fedora-clang 0.0.11 1577.96 NOTE
r-devel-linux-x86_64-fedora-gcc 0.0.11 1361.36 OK
r-devel-windows-ix86+x86_64 0.0.11 2395.00 100.00 2495.00 NOTE
r-devel-windows-ix86+x86_64-gcc8 0.0.11 1972.00 108.00 2080.00 NOTE
r-patched-linux-x86_64 0.0.11 799.16 37.92 837.08 OK
r-patched-solaris-x86 0.0.11 1058.80 OK
r-release-linux-x86_64 0.0.11 781.08 38.17 819.25 OK
r-release-windows-ix86+x86_64 0.0.11 1694.00 133.00 1827.00 NOTE
r-release-osx-x86_64 0.0.11 NOTE
r-oldrel-windows-ix86+x86_64 0.0.11 1407.00 92.00 1499.00 NOTE
r-oldrel-osx-x86_64 0.0.11 NOTE

Check Details

Version: 0.0.11
Check: installed package size
Result: NOTE
     installed size is 18.8Mb
     sub-directories of 1Mb or more:
     data 2.0Mb
     libs 16.6Mb
Flavors: r-devel-linux-x86_64-fedora-clang, r-devel-windows-ix86+x86_64, r-devel-windows-ix86+x86_64-gcc8, r-release-windows-ix86+x86_64, r-release-osx-x86_64, r-oldrel-windows-ix86+x86_64, r-oldrel-osx-x86_64