CRAN Package Check Results for Package embed

Last updated on 2020-08-03 12:49:55 CEST.

Flavor Version Tinstall Tcheck Ttotal Status Flags
r-devel-linux-x86_64-debian-clang 0.1.1 15.99 247.82 263.81 OK
r-devel-linux-x86_64-debian-gcc 0.1.1 13.75 186.96 200.71 OK
r-devel-linux-x86_64-fedora-clang 0.1.1 338.27 OK
r-devel-linux-x86_64-fedora-gcc 0.1.1 327.50 OK
r-devel-windows-ix86+x86_64 0.1.1 64.00 247.00 311.00 OK
r-patched-linux-x86_64 0.1.1 0.27 2.35 2.62 ERROR
r-patched-solaris-x86 0.1.1 444.70 OK
r-release-linux-x86_64 0.1.1 17.10 255.62 272.72 OK
r-release-macos-x86_64 0.1.1 OK
r-release-windows-ix86+x86_64 0.1.1 68.00 388.00 456.00 OK
r-oldrel-macos-x86_64 0.1.1 OK
r-oldrel-windows-ix86+x86_64 0.1.1 34.00 209.00 243.00 OK

Check Details

Version: 0.1.1
Check: package dependencies
Result: ERROR
    Package required but not available: ‘rstanarm’
    
    See section ‘The DESCRIPTION file’ in the ‘Writing R Extensions’
    manual.
Flavor: r-patched-linux-x86_64