CRAN Package Check Results for Package emdist

Last updated on 2022-01-29 00:48:39 CET.

Flavor Version Tinstall Tcheck Ttotal Status Flags
r-devel-linux-x86_64-debian-clang 0.3-1 3.10 27.73 30.83 NOTE
r-devel-linux-x86_64-debian-gcc 0.3-1 2.45 22.12 24.57 NOTE
r-devel-linux-x86_64-fedora-clang 0.3-1 38.88 NOTE
r-devel-linux-x86_64-fedora-gcc 0.3-1 27.85 NOTE
r-devel-windows-x86_64-new-UL 0.3-1 18.00 47.00 65.00 OK
r-devel-windows-x86_64-new-TK 0.3-1 NOTE
r-patched-linux-x86_64 0.3-1 2.61 26.53 29.14 NOTE
r-release-linux-x86_64 0.3-1 2.63 26.62 29.25 NOTE
r-release-macos-arm64 0.3-1 NOTE
r-release-macos-x86_64 0.3-1 NOTE
r-release-windows-ix86+x86_64 0.3-1 9.00 29.00 38.00 OK
r-oldrel-macos-x86_64 0.3-1 NOTE
r-oldrel-windows-ix86+x86_64 0.3-1 8.00 30.00 38.00 OK

Additional issues

rchk

Check Details

Version: 0.3-1
Check: DESCRIPTION meta-information
Result: NOTE
    License components which are templates and need '+ file LICENSE':
     MIT
Flavors: r-devel-linux-x86_64-debian-clang, r-devel-linux-x86_64-debian-gcc, r-devel-linux-x86_64-fedora-clang, r-devel-linux-x86_64-fedora-gcc, r-devel-windows-x86_64-new-TK, r-patched-linux-x86_64, r-release-linux-x86_64, r-release-macos-arm64, r-release-macos-x86_64, r-oldrel-macos-x86_64

Version: 0.3-1
Check: compiled code
Result: NOTE
    File ‘emdist/libs/emdist.so’:
     Found no calls to: ‘R_registerRoutines’, ‘R_useDynamicSymbols’
    
    It is good practice to register native routines and to disable symbol
    search.
    
    See ‘Writing portable packages’ in the ‘Writing R Extensions’ manual.
Flavors: r-devel-linux-x86_64-fedora-clang, r-devel-linux-x86_64-fedora-gcc