CRAN Package Check Results for Package emhawkes

Last updated on 2020-03-30 18:48:57 CEST.

Flavor Version Tinstall Tcheck Ttotal Status Flags
r-devel-linux-x86_64-debian-clang 0.9.0 5.06 364.77 369.83 NOTE
r-devel-linux-x86_64-debian-gcc 0.9.0 3.25 248.03 251.28 NOTE
r-devel-linux-x86_64-fedora-clang 0.9.0 421.40 OK
r-devel-linux-x86_64-fedora-gcc 0.9.0 406.65 OK
r-devel-windows-ix86+x86_64 0.9.0 9.00 318.00 327.00 NOTE
r-devel-windows-ix86+x86_64-gcc8 0.9.0 9.00 309.00 318.00 NOTE
r-patched-linux-x86_64 0.9.0 4.51 353.27 357.78 NOTE
r-patched-solaris-x86 0.9.0 533.80 OK
r-release-linux-x86_64 0.9.0 3.68 363.25 366.93 OK
r-release-windows-ix86+x86_64 0.9.0 13.00 454.00 467.00 OK
r-release-osx-x86_64 0.9.0 OK
r-oldrel-windows-ix86+x86_64 0.9.0 9.00 400.00 409.00 OK
r-oldrel-osx-x86_64 0.9.0 OK

Check Details

Version: 0.9.0
Check: package vignettes
Result: NOTE
    Package vignette with placeholder title 'Vignette Title':
     'example.Rmd'
Flavors: r-devel-linux-x86_64-debian-clang, r-devel-linux-x86_64-debian-gcc, r-devel-windows-ix86+x86_64, r-devel-windows-ix86+x86_64-gcc8, r-patched-linux-x86_64