CRAN Package Check Results for Package emoji

Last updated on 2021-10-16 17:50:28 CEST.

Flavor Version Tinstall Tcheck Ttotal Status Flags
r-devel-linux-x86_64-debian-clang 0.2.0 2.56 28.01 30.57 OK
r-devel-linux-x86_64-debian-gcc 0.2.0 2.28 21.74 24.02 OK
r-devel-linux-x86_64-fedora-clang 0.2.0 47.78 NOTE
r-devel-linux-x86_64-fedora-gcc 0.2.0 36.44 NOTE
r-devel-windows-x86_64 0.2.0 5.00 35.00 40.00 OK
r-devel-windows-x86_64-gcc10-UCRT 0.2.0 NOTE
r-patched-linux-x86_64 0.2.0 2.69 27.68 30.37 OK
r-patched-solaris-x86 0.2.0 51.80 NOTE
r-release-linux-x86_64 0.2.0 2.78 27.07 29.85 OK
r-release-macos-arm64 0.2.0 NOTE
r-release-macos-x86_64 0.2.0 NOTE
r-release-windows-ix86+x86_64 0.2.0 7.00 45.00 52.00 OK
r-oldrel-macos-x86_64 0.2.0 NOTE
r-oldrel-windows-ix86+x86_64 0.2.0 7.00 50.00 57.00 OK

Check Details

Version: 0.2.0
Check: data for non-ASCII characters
Result: NOTE
     Note: found 9451 marked UTF-8 strings
Flavors: r-devel-linux-x86_64-fedora-clang, r-devel-linux-x86_64-fedora-gcc, r-devel-windows-x86_64-gcc10-UCRT, r-patched-solaris-x86, r-release-macos-arm64, r-release-macos-x86_64, r-oldrel-macos-x86_64