CRAN Package Check Results for Package emon

Last updated on 2020-09-29 01:48:27 CEST.

Flavor Version Tinstall Tcheck Ttotal Status Flags
r-devel-linux-x86_64-debian-clang 1.3.2 9.68 83.38 93.06 OK
r-devel-linux-x86_64-debian-gcc 1.3.2 7.47 62.61 70.08 OK
r-devel-linux-x86_64-fedora-clang 1.3.2 115.90 NOTE
r-devel-linux-x86_64-fedora-gcc 1.3.2 107.01 OK
r-devel-windows-ix86+x86_64 1.3.2 19.00 77.00 96.00 OK
r-patched-linux-x86_64 1.3.2 7.86 77.61 85.47 OK
r-patched-solaris-x86 1.3.2 148.60 OK
r-release-linux-x86_64 1.3.2 8.00 78.68 86.68 OK
r-release-macos-x86_64 1.3.2 OK
r-release-windows-ix86+x86_64 1.3.2 19.00 95.00 114.00 OK
r-oldrel-macos-x86_64 1.3.2 OK
r-oldrel-windows-ix86+x86_64 1.3.2 16.00 100.00 116.00 OK

Check Details

Version: 1.3.2
Check: Rd cross-references
Result: NOTE
    Undeclared packages ‘Kendall’, ‘geoR’ in Rd xrefs
Flavor: r-devel-linux-x86_64-fedora-clang