CRAN Package Check Results for Package emplik

Last updated on 2020-10-30 14:46:47 CET.

Flavor Version Tinstall Tcheck Ttotal Status Flags
r-devel-linux-x86_64-debian-clang 1.1-1 12.94 101.36 114.30 OK
r-devel-linux-x86_64-debian-gcc 1.1-1 9.58 77.31 86.89 OK
r-devel-linux-x86_64-fedora-clang 1.1-1 154.93 OK
r-devel-linux-x86_64-fedora-gcc 1.1-1 144.14 OK
r-devel-windows-ix86+x86_64 1.1-1 8.00 7.00 15.00 ERROR
r-patched-linux-x86_64 1.1-1 10.48 95.06 105.54 OK
r-patched-solaris-x86 1.1-1 185.70 OK
r-release-linux-x86_64 1.1-1 12.89 94.30 107.19 OK
r-release-macos-x86_64 1.1-1 OK
r-release-windows-ix86+x86_64 1.1-1 24.00 163.00 187.00 OK
r-oldrel-macos-x86_64 1.1-1 OK
r-oldrel-windows-ix86+x86_64 1.1-1 25.00 147.00 172.00 OK

Check Details

Version: 1.1-1
Check: whether package can be installed
Result: ERROR
    Installation failed.
Flavor: r-devel-windows-ix86+x86_64