CRAN Package Check Results for Package emstreeR

Last updated on 2019-03-20 08:48:27 CET.

Flavor Version Tinstall Tcheck Ttotal Status Flags
r-devel-linux-x86_64-debian-clang 2.1.2 32.03 29.37 61.40 OK
r-devel-linux-x86_64-debian-gcc 2.1.2 25.70 24.71 50.41 OK
r-devel-linux-x86_64-fedora-clang 2.1.2 92.42 NOTE
r-devel-linux-x86_64-fedora-gcc 2.1.2 87.94 OK
r-devel-windows-ix86+x86_64 2.1.2 106.00 82.00 188.00 OK
r-patched-linux-x86_64 2.1.2 32.44 29.01 61.45 OK
r-patched-solaris-x86 2.1.2 99.40 OK
r-release-linux-x86_64 2.1.2 34.55 29.24 63.79 OK
r-release-windows-ix86+x86_64 2.1.1 81.00 62.00 143.00 OK
r-release-osx-x86_64 2.1.2 OK
r-oldrel-osx-x86_64 2.1.2 ERROR

Check Details

Version: 2.1.2
Check: installed package size
Result: NOTE
     installed size is 5.1Mb
     sub-directories of 1Mb or more:
     lib 3.5Mb
     libs 1.1Mb
Flavor: r-devel-linux-x86_64-fedora-clang

Version: 2.1.2
Check: whether package can be installed
Result: ERROR
    Installation failed.
Flavor: r-oldrel-osx-x86_64