CRAN Package Check Results for Package emstreeR

Last updated on 2019-06-17 16:47:30 CEST.

Flavor Version Tinstall Tcheck Ttotal Status Flags
r-devel-linux-x86_64-debian-clang 2.2.0 32.62 28.95 61.57 OK
r-devel-linux-x86_64-debian-gcc 2.2.0 27.95 24.55 52.50 OK
r-devel-linux-x86_64-fedora-clang 2.2.0 84.76 OK
r-devel-linux-x86_64-fedora-gcc 2.2.0 84.11 OK
r-devel-windows-ix86+x86_64 2.2.0 115.00 67.00 182.00 OK
r-patched-linux-x86_64 2.2.0 34.65 30.11 64.76 OK
r-patched-solaris-x86 2.2.0 97.20 OK
r-release-linux-x86_64 2.2.0 33.01 30.30 63.31 OK
r-release-windows-ix86+x86_64 2.2.0 88.00 99.00 187.00 OK
r-release-osx-x86_64 2.2.0 WARN
r-oldrel-windows-ix86+x86_64 2.2.0 73.00 81.00 154.00 OK
r-oldrel-osx-x86_64 2.2.0 OK

Check Details

Version: 2.2.0
Check: whether package can be installed
Result: WARN
    Found the following significant warnings:
     WARNING: shared objects/dynamic libraries with hard-coded temporary installation paths
Flavor: r-release-osx-x86_64