CRAN Package Check Results for Package emstreeR

Last updated on 2019-01-21 04:50:35 CET.

Flavor Version Tinstall Tcheck Ttotal Status Flags
r-devel-linux-x86_64-debian-clang 2.1.1 32.80 29.64 62.44 OK
r-devel-linux-x86_64-debian-gcc 2.1.1 28.78 25.43 54.21 OK
r-devel-linux-x86_64-fedora-clang 2.1.1 87.36 NOTE
r-devel-linux-x86_64-fedora-gcc 2.1.1 81.60 OK
r-devel-windows-ix86+x86_64 2.1.1 100.00 85.00 185.00 OK
r-patched-linux-x86_64 2.1.0 33.12 28.33 61.45 OK
r-patched-solaris-x86 2.1.1 101.50 OK
r-release-linux-x86_64 2.1.0 34.96 28.66 63.62 OK
r-release-windows-ix86+x86_64 2.1.0 96.00 94.00 190.00 OK
r-release-osx-x86_64 2.1.1 OK
r-oldrel-osx-x86_64 2.1.0 ERROR

Check Details

Version: 2.1.1
Check: installed package size
Result: NOTE
     installed size is 5.1Mb
     sub-directories of 1Mb or more:
     lib 3.5Mb
     libs 1.1Mb
Flavor: r-devel-linux-x86_64-fedora-clang

Version: 2.1.0
Check: whether package can be installed
Result: ERROR
    Installation failed.
Flavor: r-oldrel-osx-x86_64