CRAN Package Check Results for Package emuR

Last updated on 2022-07-04 03:52:17 CEST.

Flavor Version Tinstall Tcheck Ttotal Status Flags
r-devel-linux-x86_64-debian-clang 2.3.0 24.77 297.77 322.54 NOTE
r-devel-linux-x86_64-debian-gcc 2.3.0 20.75 216.65 237.40 NOTE
r-devel-linux-x86_64-fedora-clang 2.3.0 372.89 NOTE
r-devel-linux-x86_64-fedora-gcc 2.3.0 381.23 NOTE
r-devel-windows-x86_64 2.3.0 253.00 353.00 606.00 NOTE
r-patched-linux-x86_64 2.3.0 36.17 274.91 311.08 OK
r-release-linux-x86_64 2.3.0 19.59 276.53 296.12 OK
r-release-macos-arm64 2.3.0 91.00 OK
r-release-macos-x86_64 2.3.0 206.00 OK
r-release-windows-x86_64 2.3.0 250.00 338.00 588.00 OK
r-oldrel-macos-arm64 2.3.0 103.00 OK
r-oldrel-macos-x86_64 2.3.0 159.00 OK
r-oldrel-windows-ix86+x86_64 2.3.0 44.00 331.00 375.00 OK

Check Details

Version: 2.3.0
Check: Rd files
Result: NOTE
    checkRd: (-1) cbind.trackdata.Rd:20: Escaped LaTeX specials: \$
    checkRd: (-1) cbind.trackdata.Rd:24: Escaped LaTeX specials: \$ \$
    checkRd: (-1) cbind.trackdata.Rd:14: Escaped LaTeX specials: \$ \$
    checkRd: (-1) cbind.trackdata.Rd:15: Escaped LaTeX specials: \$
    checkRd: (-1) cbind.trackdata.Rd:16: Escaped LaTeX specials: \$
    checkRd: (-1) crplot.Rd:72: Escaped LaTeX specials: \$ \$ \$
    checkRd: (-1) crplot.Rd:73: Escaped LaTeX specials: \$
    checkRd: (-1) crplot.Rd:74: Escaped LaTeX specials: \$
    checkRd: (-1) crplot.Rd:75: Escaped LaTeX specials: \$
    checkRd: (-1) crplot.Rd:86: Escaped LaTeX specials: \$ \$
    checkRd: (-1) dbtopower.Rd:29: Escaped LaTeX specials: \$
    checkRd: (-1) demo.all.f0.Rd:8: Escaped LaTeX specials: \$ \$ \$
    checkRd: (-1) demo.all.f0.Rd:10: Escaped LaTeX specials: \$
    checkRd: (-1) demo.all.fm.Rd:8: Escaped LaTeX specials: \$
    checkRd: (-1) demo.all.rms.Rd:8: Escaped LaTeX specials: \$ \$ \$
    checkRd: (-1) demo.all.rms.Rd:10: Escaped LaTeX specials: \$
    checkRd: (-1) demo.vowels.f0.Rd:7: Escaped LaTeX specials: \$ \$ \$
    checkRd: (-1) demo.vowels.f0.Rd:9: Escaped LaTeX specials: \$
    checkRd: (-1) demo.vowels.fm.Rd:7: Escaped LaTeX specials: \$
    checkRd: (-1) epgplot.Rd:27: Escaped LaTeX specials: \$
    checkRd: (-1) epgplot.Rd:56: Escaped LaTeX specials: \$
    checkRd: (-1) fapply.Rd:18: Escaped LaTeX specials: \$
    checkRd: (-1) fapply.Rd:39: Escaped LaTeX specials: \$
    checkRd: (-1) locus.Rd:38: Escaped LaTeX specials: \$
    checkRd: (-1) mu.colour.Rd:60: Escaped LaTeX specials: \$ \$ \$ \$
    checkRd: (-1) mu.colour.Rd:61: Escaped LaTeX specials: \$ \$
    checkRd: (-1) plot.spectral.Rd:52: Escaped LaTeX specials: \$
    checkRd: (-1) rbind.trackdata.Rd:20: Escaped LaTeX specials: \$
    checkRd: (-1) rbind.trackdata.Rd:25: Escaped LaTeX specials: \$ \$
    checkRd: (-1) rbind.trackdata.Rd:14: Escaped LaTeX specials: \$ \$
    checkRd: (-1) rbind.trackdata.Rd:15: Escaped LaTeX specials: \$
    checkRd: (-1) rbind.trackdata.Rd:16: Escaped LaTeX specials: \$
    checkRd: (-1) trackdata.Rd:11: Escaped LaTeX specials: \$
    checkRd: (-1) trackdata.Rd:12: Escaped LaTeX specials: \$
    checkRd: (-1) trackdata.Rd:13: Escaped LaTeX specials: \$
    checkRd: (-1) trackdata.Rd:14: Escaped LaTeX specials: \$
    checkRd: (-1) tracktimes.Rd:17: Escaped LaTeX specials: \$
    checkRd: (-1) trapply.Rd:32: Escaped LaTeX specials: \$
Flavors: r-devel-linux-x86_64-debian-clang, r-devel-linux-x86_64-debian-gcc, r-devel-linux-x86_64-fedora-clang, r-devel-linux-x86_64-fedora-gcc, r-devel-windows-x86_64